Last updated on 2024-05-04 13:49:21 CEST.
Flavor | Version | Tinstall | Tcheck | Ttotal | Status | Flags |
---|---|---|---|---|---|---|
r-devel-linux-x86_64-debian-clang | 1.0.1 | 8.67 | 527.70 | 536.37 | OK | |
r-devel-linux-x86_64-debian-gcc | 1.0.1 | 7.39 | 219.44 | 226.83 | OK | |
r-devel-linux-x86_64-fedora-clang | 1.0.1 | 525.02 | NOTE | |||
r-devel-linux-x86_64-fedora-gcc | 1.0.1 | 472.51 | NOTE | |||
r-devel-windows-x86_64 | 1.0.1 | 9.00 | 345.00 | 354.00 | OK | |
r-patched-linux-x86_64 | 1.0.1 | 7.30 | 441.40 | 448.70 | OK | |
r-release-linux-x86_64 | 1.0.1 | 8.34 | 533.49 | 541.83 | OK | |
r-release-macos-arm64 | 1.0.1 | 189.00 | OK | |||
r-release-macos-x86_64 | 1.0.1 | 259.00 | OK | |||
r-release-windows-x86_64 | 1.0.1 | 8.00 | 266.00 | 274.00 | OK | |
r-oldrel-macos-arm64 | 1.0.1 | 164.00 | OK | |||
r-oldrel-macos-x86_64 | 1.0.1 | 287.00 | OK | |||
r-oldrel-windows-x86_64 | 1.0.1 | 11.00 | 482.00 | 493.00 | OK |
Version: 1.0.1
Check: data for non-ASCII characters
Result: NOTE
Note: found 1 marked UTF-8 string
Flavors: r-devel-linux-x86_64-fedora-clang, r-devel-linux-x86_64-fedora-gcc