Last updated on 2024-05-04 13:49:21 CEST.
Flavor | Version | Tinstall | Tcheck | Ttotal | Status | Flags |
---|---|---|---|---|---|---|
r-devel-linux-x86_64-debian-clang | 0.6 | 16.30 | 156.96 | 173.26 | NOTE | |
r-devel-linux-x86_64-debian-gcc | 0.6 | 14.04 | 114.75 | 128.79 | NOTE | |
r-devel-linux-x86_64-fedora-clang | 0.6 | 215.79 | NOTE | |||
r-devel-linux-x86_64-fedora-gcc | 0.6 | 248.46 | NOTE | |||
r-devel-windows-x86_64 | 0.6 | 15.00 | 131.00 | 146.00 | NOTE | |
r-patched-linux-x86_64 | 0.6 | 24.04 | 147.60 | 171.64 | NOTE | |
r-release-linux-x86_64 | 0.6 | 12.88 | 146.40 | 159.28 | NOTE | |
r-release-macos-arm64 | 0.6 | 70.00 | OK | |||
r-release-windows-x86_64 | 0.6 | 14.00 | 131.00 | 145.00 | NOTE | |
r-oldrel-macos-arm64 | 0.6 | 72.00 | OK | |||
r-oldrel-macos-x86_64 | 0.6 | 120.00 | OK | |||
r-oldrel-windows-x86_64 | 0.6 | 18.00 | 166.00 | 184.00 | OK |
Version: 0.6
Check: HTML version of manual
Result: NOTE
Found the following HTML validation problems:
RSTRmodel.html:218:1 (RSTRmodel.Rd:115): Warning: trimming empty <p>
Flavors: r-devel-linux-x86_64-debian-clang, r-devel-linux-x86_64-debian-gcc, r-devel-linux-x86_64-fedora-clang, r-devel-linux-x86_64-fedora-gcc, r-devel-windows-x86_64, r-patched-linux-x86_64, r-release-linux-x86_64, r-release-windows-x86_64