Last updated on 2024-05-04 09:49:51 CEST.
Flavor | Version | Tinstall | Tcheck | Ttotal | Status | Flags |
---|---|---|---|---|---|---|
r-devel-linux-x86_64-debian-clang | 0.1-5 | 10.13 | 163.87 | 174.00 | OK | |
r-devel-linux-x86_64-debian-gcc | 0.1-5 | 10.17 | 116.95 | 127.12 | OK | |
r-devel-linux-x86_64-fedora-clang | 0.1-5 | 230.53 | NOTE | |||
r-devel-linux-x86_64-fedora-gcc | 0.1-5 | 223.36 | NOTE | |||
r-devel-windows-x86_64 | 0.1-5 | 12.00 | 122.00 | 134.00 | OK | |
r-patched-linux-x86_64 | 0.1-5 | 18.87 | 154.18 | 173.05 | OK | |
r-release-linux-x86_64 | 0.1-5 | 11.88 | 154.86 | 166.74 | OK | |
r-release-macos-arm64 | 0.1-5 | 61.00 | OK | |||
r-release-windows-x86_64 | 0.1-5 | 12.00 | 125.00 | 137.00 | OK | |
r-oldrel-macos-arm64 | 0.1-5 | 65.00 | OK | |||
r-oldrel-macos-x86_64 | 0.1-5 | 124.00 | OK | |||
r-oldrel-windows-x86_64 | 0.1-5 | 16.00 | 154.00 | 170.00 | OK |
Version: 0.1-5
Check: data for non-ASCII characters
Result: NOTE
Note: found 123 marked UTF-8 strings
Flavors: r-devel-linux-x86_64-fedora-clang, r-devel-linux-x86_64-fedora-gcc