Last updated on 2024-05-04 13:49:21 CEST.
Flavor | Version | Tinstall | Tcheck | Ttotal | Status | Flags |
---|---|---|---|---|---|---|
r-devel-linux-x86_64-debian-clang | 1.1 | 100.47 | 49.84 | 150.31 | OK | |
r-devel-linux-x86_64-debian-gcc | 1.1 | 80.65 | 43.92 | 124.57 | OK | |
r-devel-linux-x86_64-fedora-clang | 1.1 | 180.55 | NOTE | |||
r-devel-linux-x86_64-fedora-gcc | 1.1 | 204.51 | NOTE | |||
r-devel-windows-x86_64 | 1.1 | 71.00 | 81.00 | 152.00 | OK | |
r-patched-linux-x86_64 | 1.1 | 97.30 | 55.37 | 152.67 | OK | |
r-release-linux-x86_64 | 1.1 | 88.12 | 56.99 | 145.11 | OK | |
r-release-macos-arm64 | 1.1 | 50.00 | NOTE | |||
r-release-windows-x86_64 | 1.1 | 67.00 | 80.00 | 147.00 | OK | |
r-oldrel-macos-arm64 | 1.1 | 54.00 | NOTE | |||
r-oldrel-macos-x86_64 | 1.1 | 87.00 | NOTE | |||
r-oldrel-windows-x86_64 | 1.1 | 86.00 | 96.00 | 182.00 | OK |
Version: 1.1
Check: dependencies in R code
Result: NOTE
Namespaces in Imports field not imported from:
‘reshape2’ ‘stats’
All declared Imports should be used.
Flavors: r-devel-linux-x86_64-fedora-clang, r-devel-linux-x86_64-fedora-gcc
Version: 1.1
Check: installed package size
Result: NOTE
installed size is 35.6Mb
sub-directories of 1Mb or more:
libs 35.1Mb
Flavors: r-release-macos-arm64, r-oldrel-macos-arm64, r-oldrel-macos-x86_64