Last updated on 2024-05-04 09:49:51 CEST.
Flavor | Version | Tinstall | Tcheck | Ttotal | Status | Flags |
---|---|---|---|---|---|---|
r-devel-linux-x86_64-debian-clang | 1.2.1 | 17.11 | 288.71 | 305.82 | OK | |
r-devel-linux-x86_64-debian-gcc | 1.2.1 | 14.67 | 220.89 | 235.56 | OK | |
r-devel-linux-x86_64-fedora-clang | 1.2.1 | 424.70 | NOTE | |||
r-devel-linux-x86_64-fedora-gcc | 1.2.1 | 400.79 | NOTE | |||
r-devel-windows-x86_64 | 1.2.1 | 18.00 | 179.00 | 197.00 | OK | |
r-patched-linux-x86_64 | 1.2.1 | 26.49 | 277.37 | 303.86 | OK | |
r-release-linux-x86_64 | 1.2.1 | 16.89 | 274.76 | 291.65 | OK | |
r-release-macos-arm64 | 1.2.1 | 86.00 | OK | |||
r-release-macos-x86_64 | 1.2.1 | 171.00 | OK | |||
r-release-windows-x86_64 | 1.2.1 | 20.00 | 176.00 | 196.00 | OK | |
r-oldrel-macos-arm64 | 1.2.1 | 92.00 | OK | |||
r-oldrel-macos-x86_64 | 1.2.1 | 122.00 | OK | |||
r-oldrel-windows-x86_64 | 1.2.1 | 26.00 | 232.00 | 258.00 | OK |
Version: 1.2.1
Check: package dependencies
Result: NOTE
Imports includes 23 non-default packages.
Importing from so many packages makes the package vulnerable to any of
them becoming unavailable. Move as many as possible to Suggests and
use conditionally.
Flavor: r-devel-linux-x86_64-fedora-clang
Version: 1.2.1
Check: dependencies in R code
Result: NOTE
Namespaces in Imports field not imported from:
‘gbm’ ‘ggfortify’ ‘tibble’ ‘tidyverse’
All declared Imports should be used.
Flavors: r-devel-linux-x86_64-fedora-clang, r-devel-linux-x86_64-fedora-gcc