Last updated on 2024-05-04 09:49:51 CEST.
Flavor | Version | Tinstall | Tcheck | Ttotal | Status | Flags |
---|---|---|---|---|---|---|
r-devel-linux-x86_64-debian-clang | 0.5.0 | 116.29 | 132.85 | 249.14 | OK | |
r-devel-linux-x86_64-debian-gcc | 0.5.0 | 94.78 | 123.59 | 218.37 | OK | |
r-devel-linux-x86_64-fedora-clang | 0.5.0 | 361.19 | OK | |||
r-devel-linux-x86_64-fedora-gcc | 0.5.0 | 388.62 | OK | |||
r-devel-windows-x86_64 | 0.5.0 | 98.00 | 159.00 | 257.00 | OK | |
r-patched-linux-x86_64 | 0.5.0 | 121.61 | 149.99 | 271.60 | OK | |
r-release-linux-x86_64 | 0.5.0 | 119.22 | 151.25 | 270.47 | OK | |
r-release-macos-arm64 | 0.5.0 | 97.00 | NOTE | |||
r-release-windows-x86_64 | 0.5.0 | 91.00 | 157.00 | 248.00 | OK | |
r-oldrel-macos-arm64 | 0.5.0 | 111.00 | NOTE | |||
r-oldrel-macos-x86_64 | 0.5.0 | 181.00 | NOTE | |||
r-oldrel-windows-x86_64 | 0.5.0 | 116.00 | 185.00 | 301.00 | OK |
Version: 0.5.0
Check: installed package size
Result: NOTE
installed size is 6.8Mb
sub-directories of 1Mb or more:
libs 6.0Mb
Flavors: r-release-macos-arm64, r-oldrel-macos-arm64, r-oldrel-macos-x86_64