Last updated on 2024-05-04 13:49:21 CEST.
Flavor | Version | Tinstall | Tcheck | Ttotal | Status | Flags |
---|---|---|---|---|---|---|
r-devel-linux-x86_64-debian-clang | 0.1.4 | 6.69 | 52.40 | 59.09 | OK | |
r-devel-linux-x86_64-debian-gcc | 0.1.4 | 5.45 | 40.03 | 45.48 | OK | |
r-devel-linux-x86_64-fedora-clang | 0.1.4 | 79.30 | NOTE | |||
r-devel-linux-x86_64-fedora-gcc | 0.1.4 | 70.42 | NOTE | |||
r-devel-windows-x86_64 | 0.1.4 | 8.00 | 58.00 | 66.00 | OK | |
r-patched-linux-x86_64 | 0.1.4 | 6.56 | 49.74 | 56.30 | OK | |
r-release-linux-x86_64 | 0.1.4 | 3.84 | 49.73 | 53.57 | OK | |
r-release-macos-arm64 | 0.1.4 | 27.00 | OK | |||
r-release-windows-x86_64 | 0.1.4 | 6.00 | 58.00 | 64.00 | OK | |
r-oldrel-macos-arm64 | 0.1.4 | 24.00 | OK | |||
r-oldrel-macos-x86_64 | 0.1.4 | 37.00 | OK | |||
r-oldrel-windows-x86_64 | 0.1.4 | 8.00 | 66.00 | 74.00 | OK |
Version: 0.1.4
Check: dependencies in R code
Result: NOTE
Namespace in Imports field not imported from: ‘tibble’
All declared Imports should be used.
Flavors: r-devel-linux-x86_64-fedora-clang, r-devel-linux-x86_64-fedora-gcc