Last updated on 2024-05-04 13:49:21 CEST.
Flavor | Version | Tinstall | Tcheck | Ttotal | Status | Flags |
---|---|---|---|---|---|---|
r-devel-linux-x86_64-debian-clang | 0.3.1 | 105.21 | 113.95 | 219.16 | OK | |
r-devel-linux-x86_64-debian-gcc | 0.3.1 | 81.15 | 86.00 | 167.15 | OK | |
r-devel-linux-x86_64-fedora-clang | 0.3.1 | 310.89 | OK | |||
r-devel-linux-x86_64-fedora-gcc | 0.3.1 | 293.35 | OK | |||
r-devel-windows-x86_64 | 0.3.1 | 84.00 | 115.00 | 199.00 | OK | |
r-patched-linux-x86_64 | 0.3.1 | 101.72 | 109.54 | 211.26 | OK | |
r-release-linux-x86_64 | 0.3.1 | 102.15 | 107.16 | 209.31 | OK | |
r-release-macos-arm64 | 0.3.1 | 58.00 | NOTE | |||
r-release-windows-x86_64 | 0.3.1 | 85.00 | 110.00 | 195.00 | OK | |
r-oldrel-macos-arm64 | 0.3.1 | 70.00 | NOTE | |||
r-oldrel-macos-x86_64 | 0.3.1 | 140.00 | NOTE | |||
r-oldrel-windows-x86_64 | 0.3.1 | 100.00 | 143.00 | 243.00 | OK |
Version: 0.3.1
Check: installed package size
Result: NOTE
installed size is 6.9Mb
sub-directories of 1Mb or more:
data 2.3Mb
libs 4.3Mb
Flavors: r-release-macos-arm64, r-oldrel-macos-arm64, r-oldrel-macos-x86_64