Last updated on 2024-05-04 13:49:21 CEST.
Flavor | Version | Tinstall | Tcheck | Ttotal | Status | Flags |
---|---|---|---|---|---|---|
r-devel-linux-x86_64-debian-clang | 0.2.0 | 40.92 | 183.47 | 224.39 | OK | |
r-devel-linux-x86_64-debian-gcc | 0.2.0 | 45.50 | 137.69 | 183.19 | OK | |
r-devel-linux-x86_64-fedora-clang | 0.2.0 | 285.77 | NOTE | |||
r-devel-linux-x86_64-fedora-gcc | 0.2.0 | 312.23 | OK | |||
r-devel-windows-x86_64 | 0.2.0 | 68.00 | 111.00 | 179.00 | NOTE | |
r-patched-linux-x86_64 | 0.2.0 | 53.39 | 184.79 | 238.18 | OK | |
r-release-linux-x86_64 | 0.2.0 | 45.02 | 179.43 | 224.45 | OK | |
r-release-macos-arm64 | 0.2.0 | 90.00 | NOTE | |||
r-release-windows-x86_64 | 0.2.0 | 69.00 | 108.00 | 177.00 | NOTE | |
r-oldrel-macos-arm64 | 0.2.0 | 99.00 | NOTE | |||
r-oldrel-macos-x86_64 | 0.2.0 | 137.00 | NOTE | |||
r-oldrel-windows-x86_64 | 0.2.0 | 84.00 | 125.00 | 209.00 | NOTE |
Version: 0.2.0
Check: installed package size
Result: NOTE
installed size is 29.0Mb
sub-directories of 1Mb or more:
libs 27.3Mb
Flavors: r-devel-linux-x86_64-fedora-clang, r-devel-windows-x86_64, r-release-macos-arm64, r-release-windows-x86_64, r-oldrel-macos-arm64, r-oldrel-macos-x86_64, r-oldrel-windows-x86_64