Last updated on 2024-05-04 09:49:51 CEST.
Flavor | Version | Tinstall | Tcheck | Ttotal | Status | Flags |
---|---|---|---|---|---|---|
r-devel-linux-x86_64-debian-clang | 0.1.6 | 129.33 | 24.61 | 153.94 | OK | |
r-devel-linux-x86_64-debian-gcc | 0.1.6 | 110.08 | 19.37 | 129.45 | OK | |
r-devel-linux-x86_64-fedora-clang | 0.1.6 | 233.08 | NOTE | |||
r-devel-linux-x86_64-fedora-gcc | 0.1.6 | 226.06 | OK | |||
r-devel-windows-x86_64 | 0.1.6 | 132.00 | 47.00 | 179.00 | OK | |
r-patched-linux-x86_64 | 0.1.6 | 137.02 | 24.56 | 161.58 | OK | |
r-release-linux-x86_64 | 0.1.6 | 137.46 | 23.74 | 161.20 | OK | |
r-release-macos-arm64 | 0.1.6 | 62.00 | OK | |||
r-release-windows-x86_64 | 0.1.6 | 125.00 | 48.00 | 173.00 | OK | |
r-oldrel-macos-arm64 | 0.1.6 | 72.00 | OK | |||
r-oldrel-macos-x86_64 | 0.1.6 | 72.00 | OK | |||
r-oldrel-windows-x86_64 | 0.1.6 | 150.00 | 56.00 | 206.00 | OK |
Version: 0.1.6
Check: installed package size
Result: NOTE
installed size is 5.4Mb
sub-directories of 1Mb or more:
libs 5.3Mb
Flavor: r-devel-linux-x86_64-fedora-clang