Last updated on 2024-05-04 13:49:22 CEST.
Flavor | Version | Tinstall | Tcheck | Ttotal | Status | Flags |
---|---|---|---|---|---|---|
r-devel-linux-x86_64-debian-clang | 0.16.0 | 27.52 | 152.85 | 180.37 | NOTE | |
r-devel-linux-x86_64-debian-gcc | 0.16.0 | 24.19 | 106.03 | 130.22 | NOTE | |
r-devel-linux-x86_64-fedora-clang | 0.16.0 | 225.87 | NOTE | |||
r-devel-linux-x86_64-fedora-gcc | 0.16.0 | 239.77 | NOTE | |||
r-devel-windows-x86_64 | 0.16.0 | 60.00 | 154.00 | 214.00 | NOTE | |
r-patched-linux-x86_64 | 0.16.0 | 27.52 | 141.21 | 168.73 | NOTE | |
r-release-linux-x86_64 | 0.16.0 | 28.35 | 140.08 | 168.43 | NOTE | |
r-release-macos-arm64 | 0.16.0 | 61.00 | NOTE | |||
r-release-windows-x86_64 | 0.16.0 | 62.00 | 151.00 | 213.00 | NOTE | |
r-oldrel-macos-arm64 | 0.16.0 | 68.00 | NOTE | |||
r-oldrel-macos-x86_64 | 0.16.0 | 193.00 | NOTE | |||
r-oldrel-windows-x86_64 | 0.16.0 | 76.00 | 182.00 | 258.00 | NOTE |
Version: 0.16.0
Check: for GNU extensions in Makefiles
Result: NOTE
GNU make is a SystemRequirements.
Flavors: r-devel-linux-x86_64-debian-clang, r-devel-linux-x86_64-debian-gcc, r-devel-linux-x86_64-fedora-clang, r-devel-linux-x86_64-fedora-gcc, r-devel-windows-x86_64, r-patched-linux-x86_64, r-release-linux-x86_64, r-release-macos-arm64, r-release-windows-x86_64, r-oldrel-macos-arm64, r-oldrel-macos-x86_64, r-oldrel-windows-x86_64
Version: 0.16.0
Check: compiled code
Result: NOTE
File ‘stringfish/libs/stringfish.so’:
Found non-API call to R: ‘STDVEC_DATAPTR’
Compiled code should not call non-API entry points in R.
See ‘Writing portable packages’ in the ‘Writing R Extensions’ manual.
Flavors: r-devel-linux-x86_64-debian-clang, r-devel-linux-x86_64-debian-gcc, r-devel-linux-x86_64-fedora-clang, r-devel-linux-x86_64-fedora-gcc
Version: 0.16.0
Check: compiled code
Result: NOTE
File 'stringfish/libs/x64/stringfish.dll':
Found non-API call to R: 'STDVEC_DATAPTR'
Compiled code should not call non-API entry points in R.
See 'Writing portable packages' in the 'Writing R Extensions' manual.
Flavor: r-devel-windows-x86_64