Last updated on 2024-05-04 13:49:22 CEST.
Flavor | Version | Tinstall | Tcheck | Ttotal | Status | Flags |
---|---|---|---|---|---|---|
r-devel-linux-x86_64-debian-clang | 1.1.2 | 60.53 | 102.15 | 162.68 | OK | |
r-devel-linux-x86_64-debian-gcc | 1.1.2 | 49.48 | 74.92 | 124.40 | OK | |
r-devel-linux-x86_64-fedora-clang | 1.1.2 | 229.04 | NOTE | |||
r-devel-linux-x86_64-fedora-gcc | 1.1.2 | 232.80 | OK | |||
r-devel-windows-x86_64 | 1.1.2 | 46.00 | 117.00 | 163.00 | NOTE | |
r-patched-linux-x86_64 | 1.1.2 | 54.33 | 96.86 | 151.19 | OK | |
r-release-linux-x86_64 | 1.1.1 | 54.05 | 95.34 | 149.39 | OK | |
r-release-macos-arm64 | 1.1.2 | 90.00 | NOTE | |||
r-release-macos-x86_64 | 1.1.2 | 180.00 | NOTE | |||
r-release-windows-x86_64 | 1.1.2 | 48.00 | 122.00 | 170.00 | NOTE | |
r-oldrel-macos-arm64 | 1.1.2 | 82.00 | NOTE | |||
r-oldrel-macos-x86_64 | 1.1.2 | 175.00 | NOTE | |||
r-oldrel-windows-x86_64 | 1.1.2 | 45.00 | 122.00 | 167.00 | NOTE |
Version: 1.1.2
Check: installed package size
Result: NOTE
installed size is 8.2Mb
sub-directories of 1Mb or more:
doc 7.2Mb
Flavors: r-devel-linux-x86_64-fedora-clang, r-devel-windows-x86_64, r-release-macos-arm64, r-release-macos-x86_64, r-release-windows-x86_64, r-oldrel-macos-arm64, r-oldrel-macos-x86_64, r-oldrel-windows-x86_64