Last updated on 2024-05-04 09:49:51 CEST.
Flavor | Version | Tinstall | Tcheck | Ttotal | Status | Flags |
---|---|---|---|---|---|---|
r-devel-linux-x86_64-debian-clang | 3.0.0 | 5.83 | 102.79 | 108.62 | OK | |
r-devel-linux-x86_64-debian-gcc | 3.0.0 | 4.53 | 73.23 | 77.76 | OK | |
r-devel-linux-x86_64-fedora-clang | 3.0.0 | 143.31 | OK | |||
r-devel-linux-x86_64-fedora-gcc | 3.0.0 | 151.94 | NOTE | |||
r-devel-windows-x86_64 | 3.0.0 | 8.00 | 198.00 | 206.00 | OK | |
r-patched-linux-x86_64 | 3.0.0 | 10.73 | 97.97 | 108.70 | OK | |
r-release-linux-x86_64 | 3.0.0 | 5.97 | 96.32 | 102.29 | OK | |
r-release-macos-arm64 | 3.0.0 | 46.00 | OK | |||
r-release-macos-x86_64 | 3.0.0 | 125.00 | OK | |||
r-release-windows-x86_64 | 3.0.0 | 7.00 | 189.00 | 196.00 | OK | |
r-oldrel-macos-arm64 | 3.0.0 | 55.00 | OK | |||
r-oldrel-macos-x86_64 | 3.0.0 | 89.00 | OK | |||
r-oldrel-windows-x86_64 | 3.0.0 | 8.00 | 173.00 | 181.00 | OK |
Version: 3.0.0
Check: for non-standard things in the check directory
Result: NOTE
Found the following files/directories:
‘JMRData’
Flavor: r-devel-linux-x86_64-fedora-gcc