Last updated on 2024-05-04 13:49:22 CEST.
Flavor | Version | Tinstall | Tcheck | Ttotal | Status | Flags |
---|---|---|---|---|---|---|
r-devel-linux-x86_64-debian-clang | 2.0.0 | 2.27 | 228.59 | 230.86 | NOTE | |
r-devel-linux-x86_64-debian-gcc | 2.0.0 | 2.02 | 156.23 | 158.25 | NOTE | |
r-devel-linux-x86_64-fedora-clang | 2.0.0 | 279.11 | NOTE | |||
r-devel-linux-x86_64-fedora-gcc | 2.0.0 | 259.31 | NOTE | |||
r-devel-windows-x86_64 | 2.0.0 | 3.00 | 176.00 | 179.00 | NOTE | |
r-patched-linux-x86_64 | 2.0.0 | 2.26 | 208.45 | 210.71 | NOTE | |
r-release-linux-x86_64 | 2.0.0 | 1.86 | 214.42 | 216.28 | NOTE | |
r-release-macos-arm64 | 2.0.0 | 130.00 | NOTE | |||
r-release-windows-x86_64 | 2.0.0 | 4.00 | 174.00 | 178.00 | NOTE | |
r-oldrel-macos-arm64 | 2.0.0 | 80.00 | NOTE | |||
r-oldrel-macos-x86_64 | 2.0.0 | 145.00 | NOTE | |||
r-oldrel-windows-x86_64 | 2.0.0 | 4.00 | 214.00 | 218.00 | NOTE |
Version: 2.0.0
Check: LazyData
Result: NOTE
'LazyData' is specified without a 'data' directory
Flavors: r-devel-linux-x86_64-debian-clang, r-devel-linux-x86_64-debian-gcc, r-devel-linux-x86_64-fedora-clang, r-devel-linux-x86_64-fedora-gcc, r-devel-windows-x86_64, r-patched-linux-x86_64, r-release-linux-x86_64, r-release-macos-arm64, r-release-windows-x86_64, r-oldrel-macos-arm64, r-oldrel-macos-x86_64, r-oldrel-windows-x86_64