Last updated on 2024-05-04 09:49:51 CEST.
Flavor | Version | Tinstall | Tcheck | Ttotal | Status | Flags |
---|---|---|---|---|---|---|
r-devel-linux-x86_64-debian-clang | 4.4-2 | 68.98 | 471.31 | 540.29 | OK | |
r-devel-linux-x86_64-debian-gcc | 4.4-2 | 52.01 | 332.82 | 384.83 | OK | |
r-devel-linux-x86_64-fedora-clang | 4.4-2 | 667.74 | OK | |||
r-devel-linux-x86_64-fedora-gcc | 4.4-2 | 647.45 | OK | |||
r-devel-windows-x86_64 | 4.4-2 | 55.00 | 411.00 | 466.00 | OK | |
r-patched-linux-x86_64 | 4.4-2 | 59.36 | 440.88 | 500.24 | OK | |
r-release-linux-x86_64 | 4.4-2 | 69.80 | 434.66 | 504.46 | OK | |
r-release-macos-arm64 | 4.4-2 | 171.00 | NOTE | |||
r-release-macos-x86_64 | 4.4-2 | 562.00 | NOTE | |||
r-release-windows-x86_64 | 4.4-2 | 55.00 | 423.00 | 478.00 | OK | |
r-oldrel-macos-arm64 | 4.4-2 | 192.00 | NOTE | |||
r-oldrel-macos-x86_64 | 4.4-2 | 543.00 | NOTE | |||
r-oldrel-windows-x86_64 | 4.4-2 | 70.00 | 503.00 | 573.00 | OK |
Version: 4.4-2
Check: installed package size
Result: NOTE
installed size is 6.8Mb
sub-directories of 1Mb or more:
R 2.1Mb
doc 1.5Mb
libs 2.0Mb
Flavors: r-release-macos-arm64, r-release-macos-x86_64, r-oldrel-macos-arm64, r-oldrel-macos-x86_64