Last updated on 2024-05-04 13:49:22 CEST.
Flavor | Version | Tinstall | Tcheck | Ttotal | Status | Flags |
---|---|---|---|---|---|---|
r-devel-linux-x86_64-debian-clang | 1.0.6 | 189.29 | 173.52 | 362.81 | NOTE | |
r-devel-linux-x86_64-debian-gcc | 1.0.6 | 140.61 | 124.61 | 265.22 | NOTE | |
r-devel-linux-x86_64-fedora-clang | 1.0.6 | 457.39 | NOTE | |||
r-devel-linux-x86_64-fedora-gcc | 1.0.6 | 445.24 | NOTE | |||
r-devel-windows-x86_64 | 1.0.6 | 144.00 | 155.00 | 299.00 | NOTE | |
r-patched-linux-x86_64 | 1.0.6 | 131.56 | 170.26 | 301.82 | NOTE | |
r-release-linux-x86_64 | 1.0.6 | 135.97 | 169.47 | 305.44 | NOTE | |
r-release-macos-arm64 | 1.0.6 | 108.00 | NOTE | |||
r-release-macos-x86_64 | 1.0.6 | 250.00 | NOTE | |||
r-release-windows-x86_64 | 1.0.6 | 149.00 | 154.00 | 303.00 | NOTE | |
r-oldrel-macos-arm64 | 1.0.6 | 118.00 | NOTE | |||
r-oldrel-macos-x86_64 | 1.0.6 | 239.00 | NOTE | |||
r-oldrel-windows-x86_64 | 1.0.6 | 183.00 | 202.00 | 385.00 | NOTE |
Version: 1.0.6
Check: package dependencies
Result: NOTE
Package suggested but not available for checking: ‘gurobi’
Flavors: r-devel-linux-x86_64-debian-clang, r-devel-linux-x86_64-debian-gcc, r-devel-linux-x86_64-fedora-clang, r-devel-linux-x86_64-fedora-gcc, r-devel-windows-x86_64, r-patched-linux-x86_64, r-release-linux-x86_64, r-release-macos-arm64, r-release-macos-x86_64, r-release-windows-x86_64, r-oldrel-macos-arm64, r-oldrel-macos-x86_64, r-oldrel-windows-x86_64
Version: 1.0.6
Check: installed package size
Result: NOTE
installed size is 10.1Mb
sub-directories of 1Mb or more:
libs 9.0Mb
Flavors: r-release-macos-arm64, r-release-macos-x86_64, r-oldrel-macos-arm64, r-oldrel-macos-x86_64