Last updated on 2024-05-04 09:49:51 CEST.
Flavor | Version | Tinstall | Tcheck | Ttotal | Status | Flags |
---|---|---|---|---|---|---|
r-devel-linux-x86_64-debian-clang | 0.1.1 | 16.33 | 1174.44 | 1190.77 | NOTE | |
r-devel-linux-x86_64-debian-gcc | 0.1.1 | 13.10 | 805.30 | 818.40 | NOTE | |
r-devel-linux-x86_64-fedora-clang | 0.1.1 | 1353.62 | NOTE | |||
r-devel-linux-x86_64-fedora-gcc | 0.1.1 | 1377.72 | NOTE | |||
r-devel-windows-x86_64 | 0.1.1 | 14.00 | 1281.00 | 1295.00 | NOTE | |
r-patched-linux-x86_64 | 0.1.1 | 18.37 | 1101.16 | 1119.53 | NOTE | |
r-release-linux-x86_64 | 0.1.1 | 13.19 | 1078.99 | 1092.18 | NOTE | |
r-release-macos-arm64 | 0.1.1 | 487.00 | NOTE | |||
r-release-windows-x86_64 | 0.1.1 | 13.00 | 1350.00 | 1363.00 | NOTE | |
r-oldrel-macos-arm64 | 0.1.1 | 543.00 | OK | |||
r-oldrel-macos-x86_64 | 0.1.1 | 835.00 | OK | |||
r-oldrel-windows-x86_64 | 0.1.1 | 18.00 | 1254.00 | 1272.00 | OK |
Version: 0.1.1
Check: Rd files
Result: NOTE
checkRd: (-1) coxph_mpl_dc.Rd:24: Lost braces; missing escapes or markup?
24 | \item{mpl_h0t}{MPL estimates of the baseline hazard for T, i.e. h_{0T}(x_i)}
| ^
checkRd: (-1) coxph_mpl_dc.Rd:25: Lost braces; missing escapes or markup?
25 | \item{mpl_h0c}{MPL estimates of the baseline hazard for C, i.e. h_{0C}(x_i)}
| ^
checkRd: (-1) coxph_mpl_dc.Rd:26: Lost braces; missing escapes or markup?
26 | \item{mpl_H0t}{MPL estimates of the baseline cumulative hazard for T, i.e. H_{0T}(x_i)}
| ^
checkRd: (-1) coxph_mpl_dc.Rd:27: Lost braces; missing escapes or markup?
27 | \item{mpl_H0c}{MPL estimates of the baseline cumulative hazard for C, i.e. H_{0c}(x_i)}
| ^
checkRd: (-1) coxph_mpl_dc.Rd:28: Lost braces; missing escapes or markup?
28 | \item{mpl_S0t}{MPL estimates of the baseline survival for T, i.e. S_{0T}(x_i)}
| ^
checkRd: (-1) coxph_mpl_dc.Rd:29: Lost braces; missing escapes or markup?
29 | \item{mpl_S0c}{MPL estimates of the baseline survival for C, i.e. S_{0C}(x_i)}
| ^
Flavors: r-devel-linux-x86_64-debian-clang, r-devel-linux-x86_64-debian-gcc, r-devel-linux-x86_64-fedora-clang, r-devel-linux-x86_64-fedora-gcc, r-devel-windows-x86_64, r-patched-linux-x86_64, r-release-linux-x86_64, r-release-macos-arm64, r-release-windows-x86_64