Last updated on 2024-05-04 09:49:51 CEST.
Flavor | Version | Tinstall | Tcheck | Ttotal | Status | Flags |
---|---|---|---|---|---|---|
r-devel-linux-x86_64-debian-clang | 0.1.0 | 9.18 | 89.74 | 98.92 | NOTE | |
r-devel-linux-x86_64-debian-gcc | 0.1.0 | 8.06 | 67.37 | 75.43 | NOTE | |
r-devel-linux-x86_64-fedora-clang | 0.1.0 | 126.03 | NOTE | |||
r-devel-linux-x86_64-fedora-gcc | 0.1.0 | 121.30 | NOTE | |||
r-devel-windows-x86_64 | 0.1.0 | 8.00 | 82.00 | 90.00 | NOTE | |
r-patched-linux-x86_64 | 0.1.0 | 8.58 | 86.48 | 95.06 | NOTE | |
r-release-linux-x86_64 | 0.1.0 | 6.33 | 86.08 | 92.41 | NOTE | |
r-release-macos-arm64 | 0.1.0 | 42.00 | NOTE | |||
r-release-windows-x86_64 | 0.1.0 | 8.00 | 88.00 | 96.00 | NOTE | |
r-oldrel-macos-arm64 | 0.1.0 | 38.00 | OK | |||
r-oldrel-macos-x86_64 | 0.1.0 | 64.00 | OK | |||
r-oldrel-windows-x86_64 | 0.1.0 | 11.00 | 96.00 | 107.00 | OK |
Version: 0.1.0
Check: Rd files
Result: NOTE
checkRd: (-1) eff_n.Rd:32: Lost braces; missing escapes or markup?
32 | \code{\link[survey:surveysummary]{survey::svymean()}} and related functions from the {survey}
| ^
Flavors: r-devel-linux-x86_64-debian-clang, r-devel-linux-x86_64-debian-gcc, r-devel-linux-x86_64-fedora-clang, r-devel-linux-x86_64-fedora-gcc, r-devel-windows-x86_64, r-patched-linux-x86_64, r-release-linux-x86_64, r-release-macos-arm64, r-release-windows-x86_64