Last updated on 2024-05-04 09:49:51 CEST.
Flavor | Version | Tinstall | Tcheck | Ttotal | Status | Flags |
---|---|---|---|---|---|---|
r-devel-linux-x86_64-debian-clang | 1.0.0 | 3.51 | 239.28 | 242.79 | NOTE | |
r-devel-linux-x86_64-debian-gcc | 1.0.0 | 2.51 | 171.91 | 174.42 | NOTE | |
r-devel-linux-x86_64-fedora-clang | 1.0.0 | 298.83 | NOTE | |||
r-devel-linux-x86_64-fedora-gcc | 1.0.0 | 306.61 | NOTE | |||
r-devel-windows-x86_64 | 1.0.0 | 5.00 | 168.00 | 173.00 | NOTE | |
r-patched-linux-x86_64 | 1.0.0 | 4.70 | 226.33 | 231.03 | NOTE | |
r-release-linux-x86_64 | 1.0.0 | 3.79 | 230.93 | 234.72 | NOTE | |
r-release-macos-arm64 | 1.0.0 | 61.00 | NOTE | |||
r-release-windows-x86_64 | 1.0.0 | 4.00 | 169.00 | 173.00 | NOTE | |
r-oldrel-macos-arm64 | 1.0.0 | 65.00 | NOTE | |||
r-oldrel-macos-x86_64 | 1.0.0 | 135.00 | NOTE | |||
r-oldrel-windows-x86_64 | 1.0.0 | 5.00 | 219.00 | 224.00 | NOTE |
Version: 1.0.0
Check: LazyData
Result: NOTE
'LazyData' is specified without a 'data' directory
Flavors: r-devel-linux-x86_64-debian-clang, r-devel-linux-x86_64-debian-gcc, r-devel-linux-x86_64-fedora-clang, r-devel-linux-x86_64-fedora-gcc, r-devel-windows-x86_64, r-patched-linux-x86_64, r-release-linux-x86_64, r-release-macos-arm64, r-release-windows-x86_64, r-oldrel-macos-arm64, r-oldrel-macos-x86_64, r-oldrel-windows-x86_64