Last updated on 2024-05-04 09:49:51 CEST.
Flavor | Version | Tinstall | Tcheck | Ttotal | Status | Flags |
---|---|---|---|---|---|---|
r-devel-linux-x86_64-debian-clang | 1.0.2 | 2.15 | 26.84 | 28.99 | OK | |
r-devel-linux-x86_64-debian-gcc | 1.0.2 | 1.74 | 20.83 | 22.57 | OK | |
r-devel-linux-x86_64-fedora-clang | 1.0.2 | 36.32 | NOTE | |||
r-devel-linux-x86_64-fedora-gcc | 1.0.2 | 34.49 | NOTE | |||
r-devel-windows-x86_64 | 1.0.2 | 2.00 | 42.00 | 44.00 | OK | |
r-patched-linux-x86_64 | 1.0.2 | 2.09 | 25.24 | 27.33 | OK | |
r-release-linux-x86_64 | 1.0.2 | 2.06 | 25.43 | 27.49 | OK | |
r-release-macos-arm64 | 1.0.2 | 16.00 | OK | |||
r-release-windows-x86_64 | 1.0.2 | 2.00 | 42.00 | 44.00 | OK | |
r-oldrel-macos-arm64 | 1.0.2 | 22.00 | OK | |||
r-oldrel-macos-x86_64 | 1.0.2 | 44.00 | OK | |||
r-oldrel-windows-x86_64 | 1.0.2 | 4.00 | 41.00 | 45.00 | OK |
Version: 1.0.2
Check: data for non-ASCII characters
Result: NOTE
Note: found 77 marked UTF-8 strings
Flavors: r-devel-linux-x86_64-fedora-clang, r-devel-linux-x86_64-fedora-gcc