Last updated on 2024-05-04 13:49:22 CEST.
Flavor | Version | Tinstall | Tcheck | Ttotal | Status | Flags |
---|---|---|---|---|---|---|
r-devel-linux-x86_64-debian-clang | 0.2.6 | 546.08 | 75.19 | 621.27 | NOTE | |
r-devel-linux-x86_64-debian-gcc | 0.2.6 | 558.53 | 55.04 | 613.57 | NOTE | |
r-devel-linux-x86_64-fedora-clang | 0.2.6 | 1052.44 | NOTE | |||
r-devel-linux-x86_64-fedora-gcc | 0.2.6 | 1182.50 | NOTE | |||
r-devel-windows-x86_64 | 0.2.6 | 522.00 | 199.00 | 721.00 | NOTE | |
r-patched-linux-x86_64 | 0.2.6 | 691.67 | 71.10 | 762.77 | NOTE | |
r-release-linux-x86_64 | 0.2.6 | 671.10 | 70.95 | 742.05 | NOTE | |
r-release-macos-arm64 | 0.2.6 | 222.00 | NOTE | |||
r-release-macos-x86_64 | 0.2.6 | 321.00 | NOTE | |||
r-release-windows-x86_64 | 0.2.6 | 519.00 | 193.00 | 712.00 | NOTE | |
r-oldrel-macos-arm64 | 0.2.6 | 296.00 | NOTE | |||
r-oldrel-macos-x86_64 | 0.2.6 | 321.00 | NOTE | |||
r-oldrel-windows-x86_64 | 0.2.6 | 513.00 | 251.00 | 764.00 | NOTE |
Version: 0.2.6
Check: package dependencies
Result: NOTE
Package suggested but not available for checking: ‘odeintr’
Flavors: r-devel-linux-x86_64-debian-clang, r-devel-linux-x86_64-debian-gcc, r-devel-linux-x86_64-fedora-clang, r-devel-linux-x86_64-fedora-gcc, r-patched-linux-x86_64, r-release-linux-x86_64
Version: 0.2.6
Check: compiled code
Result: NOTE
File ‘symengine/libs/symengine.so’:
Found non-API call to R: ‘IS_SCALAR’
Compiled code should not call non-API entry points in R.
See ‘Writing portable packages’ in the ‘Writing R Extensions’ manual.
Flavors: r-devel-linux-x86_64-debian-clang, r-devel-linux-x86_64-debian-gcc, r-devel-linux-x86_64-fedora-clang, r-devel-linux-x86_64-fedora-gcc
Version: 0.2.6
Check: installed package size
Result: NOTE
installed size is 7.0Mb
sub-directories of 1Mb or more:
libs 6.2Mb
Flavors: r-devel-linux-x86_64-fedora-clang, r-devel-windows-x86_64, r-release-macos-arm64, r-release-macos-x86_64, r-release-windows-x86_64, r-oldrel-macos-arm64, r-oldrel-macos-x86_64, r-oldrel-windows-x86_64
Version: 0.2.6
Check: for GNU extensions in Makefiles
Result: NOTE
GNU make is a SystemRequirements.
Flavors: r-devel-linux-x86_64-fedora-clang, r-devel-linux-x86_64-fedora-gcc, r-release-macos-arm64, r-release-macos-x86_64, r-oldrel-macos-arm64, r-oldrel-macos-x86_64
Version: 0.2.6
Check: compiled code
Result: NOTE
File 'symengine/libs/x64/symengine.dll':
Found non-API call to R: 'IS_SCALAR'
Compiled code should not call non-API entry points in R.
See 'Writing portable packages' in the 'Writing R Extensions' manual.
Flavor: r-devel-windows-x86_64