Last updated on 2024-05-04 09:49:51 CEST.
Flavor | Version | Tinstall | Tcheck | Ttotal | Status | Flags |
---|---|---|---|---|---|---|
r-devel-linux-x86_64-debian-clang | 0.1.1 | 66.77 | 126.02 | 192.79 | NOTE | |
r-devel-linux-x86_64-debian-gcc | 0.1.1 | 44.83 | 94.37 | 139.20 | NOTE | |
r-devel-linux-x86_64-fedora-clang | 0.1.1 | 252.18 | NOTE | |||
r-devel-linux-x86_64-fedora-gcc | 0.1.1 | 273.47 | NOTE | |||
r-devel-windows-x86_64 | 0.1.1 | 53.00 | 128.00 | 181.00 | NOTE | |
r-patched-linux-x86_64 | 0.1.1 | 60.34 | 116.86 | 177.20 | NOTE | |
r-release-linux-x86_64 | 0.1.1 | 43.40 | 120.88 | 164.28 | NOTE | |
r-release-macos-arm64 | 0.1.1 | 69.00 | NOTE | |||
r-release-windows-x86_64 | 0.1.1 | 49.00 | 130.00 | 179.00 | NOTE | |
r-oldrel-macos-arm64 | 0.1.1 | 77.00 | NOTE | |||
r-oldrel-macos-x86_64 | 0.1.1 | 129.00 | NOTE | |||
r-oldrel-windows-x86_64 | 0.1.1 | 63.00 | 150.00 | 213.00 | NOTE |
Version: 0.1.1
Check: C++ specification
Result: NOTE
Specified C++11: please drop specification unless essential
Flavors: r-devel-linux-x86_64-debian-clang, r-devel-linux-x86_64-debian-gcc, r-devel-linux-x86_64-fedora-clang, r-devel-linux-x86_64-fedora-gcc, r-devel-windows-x86_64, r-patched-linux-x86_64, r-release-linux-x86_64, r-release-macos-arm64, r-release-windows-x86_64, r-oldrel-macos-arm64, r-oldrel-macos-x86_64, r-oldrel-windows-x86_64