Last updated on 2024-05-04 13:49:22 CEST.
Flavor | Version | Tinstall | Tcheck | Ttotal | Status | Flags |
---|---|---|---|---|---|---|
r-devel-linux-x86_64-debian-clang | 1.0.6 | 45.55 | 34.59 | 80.14 | NOTE | |
r-devel-linux-x86_64-debian-gcc | 1.0.6 | 37.28 | 26.32 | 63.60 | NOTE | |
r-devel-linux-x86_64-fedora-clang | 1.0.6 | 129.50 | NOTE | |||
r-devel-linux-x86_64-fedora-gcc | 1.0.6 | 135.88 | NOTE | |||
r-devel-windows-x86_64 | 1.0.6 | 49.00 | 78.00 | 127.00 | NOTE | |
r-patched-linux-x86_64 | 1.0.6 | 51.44 | 32.53 | 83.97 | OK | |
r-release-linux-x86_64 | 1.0.6 | 54.70 | 33.27 | 87.97 | OK | |
r-release-macos-arm64 | 1.0.6 | 40.00 | NOTE | |||
r-release-macos-x86_64 | 1.0.6 | 119.00 | NOTE | |||
r-release-windows-x86_64 | 1.0.6 | 52.00 | 72.00 | 124.00 | OK | |
r-oldrel-macos-arm64 | 1.0.6 | 74.00 | NOTE | |||
r-oldrel-macos-x86_64 | 1.0.6 | 123.00 | NOTE | |||
r-oldrel-windows-x86_64 | 1.0.6 | 49.00 | 109.00 | 158.00 | OK |
Version: 1.0.6
Check: compiled code
Result: NOTE
File ‘systemfonts/libs/systemfonts.so’:
Found non-API calls to R: ‘SETLENGTH’, ‘SET_TRUELENGTH’
Compiled code should not call non-API entry points in R.
See ‘Writing portable packages’ in the ‘Writing R Extensions’ manual.
Flavors: r-devel-linux-x86_64-debian-clang, r-devel-linux-x86_64-debian-gcc, r-devel-linux-x86_64-fedora-clang, r-devel-linux-x86_64-fedora-gcc
Version: 1.0.6
Check: compiled code
Result: NOTE
File 'systemfonts/libs/x64/systemfonts.dll':
Found non-API calls to R: 'SETLENGTH', 'SET_TRUELENGTH'
Compiled code should not call non-API entry points in R.
See 'Writing portable packages' in the 'Writing R Extensions' manual.
Flavor: r-devel-windows-x86_64
Version: 1.0.6
Check: installed package size
Result: NOTE
installed size is 22.6Mb
sub-directories of 1Mb or more:
libs 22.4Mb
Flavors: r-release-macos-arm64, r-release-macos-x86_64, r-oldrel-macos-arm64, r-oldrel-macos-x86_64