Last updated on 2024-05-04 09:49:51 CEST.
Flavor | Version | Tinstall | Tcheck | Ttotal | Status | Flags |
---|---|---|---|---|---|---|
r-devel-linux-x86_64-debian-clang | 1.0.7 | 13.18 | 308.33 | 321.51 | OK | |
r-devel-linux-x86_64-debian-gcc | 1.0.7 | 11.76 | 246.55 | 258.31 | OK | |
r-devel-linux-x86_64-fedora-clang | 1.0.7 | 405.09 | NOTE | |||
r-devel-linux-x86_64-fedora-gcc | 1.0.7 | 416.90 | OK | |||
r-devel-windows-x86_64 | 1.0.7 | 14.00 | 273.00 | 287.00 | NOTE | |
r-patched-linux-x86_64 | 1.0.7 | 12.64 | 314.63 | 327.27 | OK | |
r-release-linux-x86_64 | 1.0.7 | 11.25 | 308.60 | 319.85 | OK | |
r-release-macos-arm64 | 1.0.7 | 131.00 | NOTE | |||
r-release-windows-x86_64 | 1.0.7 | 13.00 | 268.00 | 281.00 | NOTE | |
r-oldrel-macos-arm64 | 1.0.7 | 134.00 | NOTE | |||
r-oldrel-macos-x86_64 | 1.0.7 | 349.00 | NOTE | |||
r-oldrel-windows-x86_64 | 1.0.7 | 16.00 | 321.00 | 337.00 | NOTE |
Version: 1.0.7
Check: installed package size
Result: NOTE
installed size is 5.3Mb
sub-directories of 1Mb or more:
R 1.3Mb
extdata 3.1Mb
Flavors: r-devel-linux-x86_64-fedora-clang, r-devel-windows-x86_64, r-release-macos-arm64, r-release-windows-x86_64, r-oldrel-macos-arm64, r-oldrel-macos-x86_64, r-oldrel-windows-x86_64