Last updated on 2024-05-04 09:49:51 CEST.
Flavor | Version | Tinstall | Tcheck | Ttotal | Status | Flags |
---|---|---|---|---|---|---|
r-devel-linux-x86_64-debian-clang | 5.1.1 | 15.95 | 136.25 | 152.20 | NOTE | |
r-devel-linux-x86_64-debian-gcc | 5.1.1 | 12.49 | 99.31 | 111.80 | NOTE | |
r-devel-linux-x86_64-fedora-clang | 5.1.1 | 189.70 | NOTE | |||
r-devel-linux-x86_64-fedora-gcc | 5.1.1 | 194.04 | NOTE | |||
r-devel-windows-x86_64 | 5.1.1 | 16.00 | 110.00 | 126.00 | NOTE | |
r-patched-linux-x86_64 | 5.1.1 | 12.91 | 130.88 | 143.79 | NOTE | |
r-release-linux-x86_64 | 5.1.1 | 17.89 | 127.87 | 145.76 | NOTE | |
r-release-macos-arm64 | 5.1.1 | 56.00 | NOTE | |||
r-release-windows-x86_64 | 5.1.1 | 14.00 | 109.00 | 123.00 | NOTE | |
r-oldrel-macos-arm64 | 5.1.1 | 60.00 | OK | |||
r-oldrel-macos-x86_64 | 5.1.1 | 100.00 | OK | |||
r-oldrel-windows-x86_64 | 5.1.1 | 20.00 | 135.00 | 155.00 | OK |
Version: 5.1.1
Check: Rd files
Result: NOTE
checkRd: (-1) tabmulti.Rd:68: Lost braces
68 | \\code{yvarlabels = list(race = "Race/ethnicity", age_yrs = "Age (years)")}.}
| ^
checkRd: (-1) tabmulti.svy.Rd:67: Lost braces
67 | \\code{yvarlabels = list(race = "Race/ethnicity", age_yrs = "Age (years)")}.}
| ^
Flavors: r-devel-linux-x86_64-debian-clang, r-devel-linux-x86_64-debian-gcc, r-devel-linux-x86_64-fedora-clang, r-devel-linux-x86_64-fedora-gcc, r-devel-windows-x86_64, r-patched-linux-x86_64, r-release-linux-x86_64, r-release-macos-arm64, r-release-windows-x86_64