Last updated on 2024-05-04 13:49:22 CEST.
Flavor | Version | Tinstall | Tcheck | Ttotal | Status | Flags |
---|---|---|---|---|---|---|
r-devel-linux-x86_64-debian-clang | 0.3.0 | 147.66 | 49.64 | 197.30 | OK | |
r-devel-linux-x86_64-debian-gcc | 0.3.0 | 115.52 | 37.10 | 152.62 | OK | |
r-devel-linux-x86_64-fedora-clang | 0.3.0 | 286.85 | OK | |||
r-devel-linux-x86_64-fedora-gcc | 0.3.0 | 304.32 | OK | |||
r-devel-windows-x86_64 | 0.3.0 | 117.00 | 87.00 | 204.00 | OK | |
r-patched-linux-x86_64 | 0.3.0 | 140.67 | 47.67 | 188.34 | OK | |
r-release-linux-x86_64 | 0.3.0 | 140.88 | 47.38 | 188.26 | OK | |
r-release-macos-arm64 | 0.3.0 | 57.00 | NOTE | |||
r-release-windows-x86_64 | 0.3.0 | 117.00 | 85.00 | 202.00 | OK | |
r-oldrel-macos-arm64 | 0.3.0 | 67.00 | NOTE | |||
r-oldrel-macos-x86_64 | 0.3.0 | 121.00 | NOTE | |||
r-oldrel-windows-x86_64 | 0.3.0 | 103.00 | 98.00 | 201.00 | OK |
Version: 0.3.0
Check: installed package size
Result: NOTE
installed size is 6.8Mb
sub-directories of 1Mb or more:
libs 6.5Mb
Flavors: r-release-macos-arm64, r-oldrel-macos-arm64, r-oldrel-macos-x86_64