Last updated on 2024-05-04 09:49:52 CEST.
Flavor | Version | Tinstall | Tcheck | Ttotal | Status | Flags |
---|---|---|---|---|---|---|
r-devel-linux-x86_64-debian-clang | 0.2.95 | 30.71 | 557.32 | 588.03 | NOTE | |
r-devel-linux-x86_64-debian-gcc | 0.2.95 | 32.24 | 373.26 | 405.50 | NOTE | |
r-devel-linux-x86_64-fedora-clang | 0.2.95 | 711.97 | NOTE | |||
r-devel-linux-x86_64-fedora-gcc | 0.2.95 | 711.63 | NOTE | |||
r-devel-windows-x86_64 | 0.2.95 | 36.00 | 348.00 | 384.00 | NOTE | |
r-patched-linux-x86_64 | 0.2.95 | 39.58 | 507.25 | 546.83 | NOTE | |
r-release-linux-x86_64 | 0.2.95 | 25.99 | 509.36 | 535.35 | NOTE | |
r-release-macos-arm64 | 0.2.95 | 160.00 | OK | |||
r-release-windows-x86_64 | 0.2.95 | 34.00 | 347.00 | 381.00 | NOTE | |
r-oldrel-macos-arm64 | 0.2.95 | 190.00 | OK | |||
r-oldrel-macos-x86_64 | 0.2.95 | 400.00 | OK | |||
r-oldrel-windows-x86_64 | 0.2.95 | 46.00 | 472.00 | 518.00 | OK |
Version: 0.2.95
Check: HTML version of manual
Result: NOTE
Found the following HTML validation problems:
roll_circstats.html:101:1 (roll_circstats.Rd:53): Warning: trimming empty <dt>
Flavors: r-devel-linux-x86_64-debian-clang, r-devel-linux-x86_64-debian-gcc, r-devel-linux-x86_64-fedora-clang, r-devel-linux-x86_64-fedora-gcc, r-devel-windows-x86_64, r-patched-linux-x86_64, r-release-linux-x86_64, r-release-windows-x86_64
Version: 0.2.95
Check: data for non-ASCII characters
Result: NOTE
Note: found 56 marked UTF-8 strings
Flavors: r-devel-linux-x86_64-fedora-clang, r-devel-linux-x86_64-fedora-gcc