Last updated on 2024-05-04 09:49:52 CEST.
Flavor | Version | Tinstall | Tcheck | Ttotal | Status | Flags |
---|---|---|---|---|---|---|
r-devel-linux-x86_64-debian-clang | 0.9.9.23 | 4.31 | 44.53 | 48.84 | NOTE | |
r-devel-linux-x86_64-debian-gcc | 0.9.9.23 | 3.25 | 31.61 | 34.86 | NOTE | |
r-devel-linux-x86_64-fedora-clang | 0.9.9.23 | 59.85 | NOTE | |||
r-devel-linux-x86_64-fedora-gcc | 0.9.9.23 | 59.43 | NOTE | |||
r-devel-windows-x86_64 | 0.9.9.23 | 4.00 | 61.00 | 65.00 | NOTE | |
r-patched-linux-x86_64 | 0.9.9.23 | 5.15 | 41.99 | 47.14 | NOTE | |
r-release-linux-x86_64 | 0.9.9.23 | 4.71 | 42.12 | 46.83 | NOTE | |
r-release-macos-arm64 | 0.9.9.23 | 22.00 | NOTE | |||
r-release-windows-x86_64 | 0.9.9.23 | 4.00 | 61.00 | 65.00 | NOTE | |
r-oldrel-macos-arm64 | 0.9.9.23 | 31.00 | OK | |||
r-oldrel-macos-x86_64 | 0.9.9.23 | 40.00 | OK | |||
r-oldrel-windows-x86_64 | 0.9.9.23 | 5.00 | 66.00 | 71.00 | OK |
Version: 0.9.9.23
Check: Rd files
Result: NOTE
checkRd: (-1) tcata.line.plot.Rd:72: Lost braces; missing escapes or markup?
72 | \item{las}{numeric in {0,1,2,3}; the style of the axis labels. See \code{\link[graphics]{par}}.}
| ^
checkRd: (-1) tds.plot.Rd:27: Lost braces; missing escapes or markup?
27 | \item{las}{numeric in {0,1,2,3}; the style of the axis labels. See: \code{\link[graphics]{par}}}
| ^
Flavors: r-devel-linux-x86_64-debian-clang, r-devel-linux-x86_64-debian-gcc, r-devel-linux-x86_64-fedora-clang, r-devel-linux-x86_64-fedora-gcc, r-devel-windows-x86_64, r-patched-linux-x86_64, r-release-linux-x86_64, r-release-macos-arm64, r-release-windows-x86_64