Last updated on 2024-05-04 13:49:22 CEST.
Flavor | Version | Tinstall | Tcheck | Ttotal | Status | Flags |
---|---|---|---|---|---|---|
r-devel-linux-x86_64-debian-clang | 1.0.1 | 3.38 | 236.47 | 239.85 | NOTE | |
r-devel-linux-x86_64-debian-gcc | 1.0.1 | 2.82 | 161.22 | 164.04 | NOTE | |
r-devel-linux-x86_64-fedora-clang | 1.0.1 | 290.95 | NOTE | |||
r-devel-linux-x86_64-fedora-gcc | 1.0.1 | 307.47 | NOTE | |||
r-devel-windows-x86_64 | 1.0.1 | 5.00 | 184.00 | 189.00 | NOTE | |
r-patched-linux-x86_64 | 1.0.1 | 4.86 | 220.60 | 225.46 | NOTE | |
r-release-linux-x86_64 | 1.0.1 | 2.75 | 221.30 | 224.05 | NOTE | |
r-release-macos-arm64 | 1.0.1 | 83.00 | NOTE | |||
r-release-windows-x86_64 | 1.0.1 | 4.00 | 187.00 | 191.00 | NOTE | |
r-oldrel-macos-arm64 | 1.0.1 | 97.00 | NOTE | |||
r-oldrel-macos-x86_64 | 1.0.1 | 162.00 | NOTE | |||
r-oldrel-windows-x86_64 | 1.0.1 | 5.00 | 217.00 | 222.00 | NOTE |
Version: 1.0.1
Check: LazyData
Result: NOTE
'LazyData' is specified without a 'data' directory
Flavors: r-devel-linux-x86_64-debian-clang, r-devel-linux-x86_64-debian-gcc, r-devel-linux-x86_64-fedora-clang, r-devel-linux-x86_64-fedora-gcc, r-devel-windows-x86_64, r-patched-linux-x86_64, r-release-linux-x86_64, r-release-macos-arm64, r-release-windows-x86_64, r-oldrel-macos-arm64, r-oldrel-macos-x86_64, r-oldrel-windows-x86_64