Last updated on 2024-05-04 13:49:22 CEST.
Flavor | Version | Tinstall | Tcheck | Ttotal | Status | Flags |
---|---|---|---|---|---|---|
r-devel-linux-x86_64-debian-clang | 0.1.21 | 7.79 | 105.13 | 112.92 | NOTE | |
r-devel-linux-x86_64-debian-gcc | 0.1.21 | 5.76 | 76.56 | 82.32 | NOTE | |
r-devel-linux-x86_64-fedora-clang | 0.1.21 | 139.70 | NOTE | |||
r-devel-linux-x86_64-fedora-gcc | 0.1.21 | 126.00 | NOTE | |||
r-devel-windows-x86_64 | 0.1.21 | 10.00 | 94.00 | 104.00 | NOTE | |
r-patched-linux-x86_64 | 0.1.21 | 6.46 | 100.84 | 107.30 | NOTE | |
r-release-linux-x86_64 | 0.1.21 | 6.48 | 97.65 | 104.13 | NOTE | |
r-release-macos-arm64 | 0.1.21 | 39.00 | NOTE | |||
r-release-windows-x86_64 | 0.1.21 | 11.00 | 93.00 | 104.00 | NOTE | |
r-oldrel-macos-arm64 | 0.1.21 | 49.00 | NOTE | |||
r-oldrel-macos-x86_64 | 0.1.21 | 76.00 | NOTE | |||
r-oldrel-windows-x86_64 | 0.1.21 | 13.00 | 115.00 | 128.00 | NOTE |
Version: 0.1.21
Check: LazyData
Result: NOTE
'LazyData' is specified without a 'data' directory
Flavors: r-devel-linux-x86_64-debian-clang, r-devel-linux-x86_64-debian-gcc, r-devel-linux-x86_64-fedora-clang, r-devel-linux-x86_64-fedora-gcc, r-devel-windows-x86_64, r-patched-linux-x86_64, r-release-linux-x86_64, r-release-macos-arm64, r-release-windows-x86_64, r-oldrel-macos-arm64, r-oldrel-macos-x86_64, r-oldrel-windows-x86_64