Last updated on 2024-05-04 09:49:52 CEST.
Flavor | Version | Tinstall | Tcheck | Ttotal | Status | Flags |
---|---|---|---|---|---|---|
r-devel-linux-x86_64-debian-clang | 1.2.1 | 33.28 | 224.61 | 257.89 | OK | |
r-devel-linux-x86_64-debian-gcc | 1.2.1 | 22.08 | 158.76 | 180.84 | OK | |
r-devel-linux-x86_64-fedora-clang | 1.2.1 | 307.20 | NOTE | |||
r-devel-linux-x86_64-fedora-gcc | 1.2.1 | 311.65 | NOTE | |||
r-devel-windows-x86_64 | 1.2.1 | 20.00 | 177.00 | 197.00 | OK | |
r-patched-linux-x86_64 | 1.2.1 | 18.12 | 211.68 | 229.80 | OK | |
r-release-linux-x86_64 | 1.2.1 | 15.98 | 207.46 | 223.44 | OK | |
r-release-macos-arm64 | 1.2.1 | 92.00 | OK | |||
r-release-macos-x86_64 | 1.2.1 | 262.00 | OK | |||
r-release-windows-x86_64 | 1.2.1 | 22.00 | 175.00 | 197.00 | OK | |
r-oldrel-macos-arm64 | 1.2.1 | 112.00 | OK | |||
r-oldrel-macos-x86_64 | 1.2.1 | 224.00 | OK | |||
r-oldrel-windows-x86_64 | 1.2.1 | 28.00 | 219.00 | 247.00 | OK |
Version: 1.2.1
Check: data for non-ASCII characters
Result: NOTE
Note: found 3 marked UTF-8 strings
Flavors: r-devel-linux-x86_64-fedora-clang, r-devel-linux-x86_64-fedora-gcc