Last updated on 2024-05-04 09:49:52 CEST.
Flavor | Version | Tinstall | Tcheck | Ttotal | Status | Flags |
---|---|---|---|---|---|---|
r-devel-linux-x86_64-debian-clang | 1.1.1 | 11.18 | 327.37 | 338.55 | OK | |
r-devel-linux-x86_64-debian-gcc | 1.1.1 | 6.56 | 291.21 | 297.77 | OK | |
r-devel-linux-x86_64-fedora-clang | 1.1.1 | 489.59 | NOTE | |||
r-devel-linux-x86_64-fedora-gcc | 1.1.1 | 327.77 | NOTE | |||
r-devel-windows-x86_64 | 1.1.1 | 11.00 | 221.00 | 232.00 | OK | |
r-patched-linux-x86_64 | 1.1.1 | 15.34 | 365.86 | 381.20 | OK | |
r-release-linux-x86_64 | 1.1.1 | 6.16 | 368.76 | 374.92 | OK | |
r-release-macos-arm64 | 1.1.1 | 124.00 | OK | |||
r-release-windows-x86_64 | 1.1.1 | 11.00 | 224.00 | 235.00 | OK | |
r-oldrel-macos-arm64 | 1.1.1 | 129.00 | OK | |||
r-oldrel-macos-x86_64 | 1.1.1 | 247.00 | OK | |||
r-oldrel-windows-x86_64 | 1.1.1 | 12.00 | 296.00 | 308.00 | OK |
Version: 1.1.1
Check: data for non-ASCII characters
Result: NOTE
Note: found 37 marked UTF-8 strings
Flavors: r-devel-linux-x86_64-fedora-clang, r-devel-linux-x86_64-fedora-gcc