Last updated on 2024-05-04 09:49:52 CEST.
Flavor | Version | Tinstall | Tcheck | Ttotal | Status | Flags |
---|---|---|---|---|---|---|
r-devel-linux-x86_64-debian-clang | 2.3.27 | 37.32 | 26.56 | 63.88 | NOTE | |
r-devel-linux-x86_64-debian-gcc | 2.3.27 | 29.77 | 20.67 | 50.44 | NOTE | |
r-devel-linux-x86_64-fedora-clang | 2.3.27 | 97.62 | NOTE | |||
r-devel-linux-x86_64-fedora-gcc | 2.3.27 | 102.45 | NOTE | |||
r-patched-linux-x86_64 | 2.3.27 | 38.94 | 25.51 | 64.45 | OK | |
r-release-linux-x86_64 | 2.3.27 | 37.06 | 25.92 | 62.98 | OK | |
r-release-macos-arm64 | 2.3.27 | 30.00 | OK | |||
r-release-macos-x86_64 | 2.3.27 | 56.00 | OK | |||
r-oldrel-macos-arm64 | 2.3.27 | 48.00 | OK | |||
r-oldrel-macos-x86_64 | 2.3.27 | 55.00 | OK |
Version: 2.3.27
Check: compiled code
Result: NOTE
File ‘tgstat/libs/tgstat.so’:
Found non-API call to R: ‘R_curErrorBuf’
Compiled code should not call non-API entry points in R.
See ‘Writing portable packages’ in the ‘Writing R Extensions’ manual.
Flavors: r-devel-linux-x86_64-debian-clang, r-devel-linux-x86_64-debian-gcc, r-devel-linux-x86_64-fedora-clang, r-devel-linux-x86_64-fedora-gcc