Last updated on 2024-05-04 13:49:22 CEST.
Flavor | Version | Tinstall | Tcheck | Ttotal | Status | Flags |
---|---|---|---|---|---|---|
r-devel-linux-x86_64-debian-clang | 0.3.0 | 3.66 | 68.87 | 72.53 | OK | |
r-devel-linux-x86_64-debian-gcc | 0.3.0 | 2.33 | 52.22 | 54.55 | OK | |
r-devel-linux-x86_64-fedora-clang | 0.3.0 | 90.18 | OK | |||
r-devel-linux-x86_64-fedora-gcc | 0.3.0 | 102.75 | OK | |||
r-devel-windows-x86_64 | 0.3.0 | 4.00 | 82.00 | 86.00 | OK | |
r-patched-linux-x86_64 | 0.3.0 | 3.10 | 65.23 | 68.33 | OK | |
r-release-linux-x86_64 | 0.3.0 | 2.00 | 66.62 | 68.62 | OK | |
r-release-macos-arm64 | 0.3.0 | 43.00 | OK | |||
r-release-windows-x86_64 | 0.3.0 | 4.00 | 80.00 | 84.00 | ERROR | |
r-oldrel-macos-arm64 | 0.3.0 | 48.00 | OK | |||
r-oldrel-macos-x86_64 | 0.3.0 | 69.00 | OK | |||
r-oldrel-windows-x86_64 | 0.3.0 | 5.00 | 90.00 | 95.00 | OK |
Version: 0.3.0
Check: examples
Result: ERROR
Running examples in 'tgver-Ex.R' failed
The error most likely occurred in:
> ### Name: explore_dir
> ### Title: A function to read and serve at least one file from a directory.
> ### Aliases: explore_dir
>
> ### ** Examples
>
> {
+ p = file.path(tempdir(), "data")
+ dir.create(p)
+ gURL = paste0("https://raw.githubusercontent.com/saferactive/",
+ "tgve/main/pf-only-name.geojson")
+ dURL = "https://raw.githubusercontent.com/saferactive/tgve/main/ksi-pf.csv"
+ download.file(gURL, destfile = file.path(p, "pf.geojson"))
+ download.file(dURL, destfile = file.path(p, "data.csv"))
+
+ ps = explore_dir(p, background = TRUE)
+ ps$kill()
+ unlink(p, recursive = TRUE)
+ }
trying URL 'https://raw.githubusercontent.com/saferactive/tgve/main/pf-only-name.geojson'
Warning in download.file(gURL, destfile = file.path(p, "pf.geojson")) :
URL 'https://raw.githubusercontent.com/saferactive/tgve/main/pf-only-name.geojson': status was 'SSL connect error'
Error in download.file(gURL, destfile = file.path(p, "pf.geojson")) :
cannot open URL 'https://raw.githubusercontent.com/saferactive/tgve/main/pf-only-name.geojson'
Execution halted
Flavor: r-release-windows-x86_64