Last updated on 2024-05-04 13:49:22 CEST.
Flavor | Version | Tinstall | Tcheck | Ttotal | Status | Flags |
---|---|---|---|---|---|---|
r-devel-linux-x86_64-debian-clang | 2.4.0 | 17.72 | 52.16 | 69.88 | NOTE | |
r-devel-linux-x86_64-debian-gcc | 2.4.0 | 17.25 | 37.32 | 54.57 | NOTE | |
r-devel-linux-x86_64-fedora-clang | 2.4.0 | 84.55 | NOTE | |||
r-devel-linux-x86_64-fedora-gcc | 2.4.0 | 55.90 | NOTE | |||
r-devel-windows-x86_64 | 2.4.0 | 34.00 | 70.00 | 104.00 | NOTE | |
r-patched-linux-x86_64 | 2.4.0 | 21.84 | 47.90 | 69.74 | OK | |
r-release-linux-x86_64 | 2.4.0 | 19.19 | 47.51 | 66.70 | OK | |
r-release-macos-arm64 | 2.4.0 | 30.00 | OK | |||
r-release-macos-x86_64 | 2.4.0 | 88.00 | OK | |||
r-release-windows-x86_64 | 2.4.0 | 34.00 | 68.00 | 102.00 | OK | |
r-oldrel-macos-arm64 | 2.4.0 | 37.00 | OK | |||
r-oldrel-macos-x86_64 | 2.4.0 | 108.00 | OK | |||
r-oldrel-windows-x86_64 | 2.4.0 | 33.00 | 76.00 | 109.00 | OK |
Version: 2.4.0
Check: compiled code
Result: NOTE
File ‘this.path/libs/this.path.so’:
Found non-API calls to R: ‘IS_SCALAR’, ‘R_PromiseExpr’, ‘SETLENGTH’,
‘SET_ENVFLAGS’, ‘SET_PRCODE’, ‘SET_PRENV’, ‘SET_PRVALUE’,
‘SET_S4_OBJECT’, ‘SET_TRUELENGTH’
Compiled code should not call non-API entry points in R.
See ‘Writing portable packages’ in the ‘Writing R Extensions’ manual.
Flavors: r-devel-linux-x86_64-debian-clang, r-devel-linux-x86_64-debian-gcc, r-devel-linux-x86_64-fedora-clang, r-devel-linux-x86_64-fedora-gcc
Version: 2.4.0
Check: compiled code
Result: NOTE
File 'this.path/libs/x64/this.path.dll':
Found non-API calls to R: 'IS_SCALAR', 'R_PromiseExpr', 'SETLENGTH',
'SET_ENVFLAGS', 'SET_PRCODE', 'SET_PRENV', 'SET_PRVALUE',
'SET_S4_OBJECT', 'SET_TRUELENGTH'
Compiled code should not call non-API entry points in R.
See 'Writing portable packages' in the 'Writing R Extensions' manual.
Flavor: r-devel-windows-x86_64