Last updated on 2024-05-04 09:49:52 CEST.
Flavor | Version | Tinstall | Tcheck | Ttotal | Status | Flags |
---|---|---|---|---|---|---|
r-devel-linux-x86_64-debian-clang | 0.2.1 | 33.26 | 184.04 | 217.30 | OK | |
r-devel-linux-x86_64-debian-gcc | 0.2.1 | 30.80 | 132.43 | 163.23 | OK | |
r-devel-linux-x86_64-fedora-clang | 0.2.1 | 281.03 | NOTE | |||
r-devel-linux-x86_64-fedora-gcc | 0.2.1 | 231.22 | OK | |||
r-devel-windows-x86_64 | 0.2.1 | 33.00 | 136.00 | 169.00 | OK | |
r-patched-linux-x86_64 | 0.2.1 | 31.76 | 173.11 | 204.87 | OK | |
r-release-linux-x86_64 | 0.2.1 | 32.26 | 173.14 | 205.40 | OK | |
r-release-macos-arm64 | 0.2.1 | 73.00 | OK | |||
r-release-windows-x86_64 | 0.2.1 | 34.00 | 135.00 | 169.00 | OK | |
r-oldrel-macos-arm64 | 0.2.1 | 85.00 | OK | |||
r-oldrel-macos-x86_64 | 0.2.1 | 159.00 | OK | |||
r-oldrel-windows-x86_64 | 0.2.1 | 46.00 | 174.00 | 220.00 | OK |
Version: 0.2.1
Check: package dependencies
Result: NOTE
Imports includes 25 non-default packages.
Importing from so many packages makes the package vulnerable to any of
them becoming unavailable. Move as many as possible to Suggests and
use conditionally.
Flavor: r-devel-linux-x86_64-fedora-clang