Last updated on 2024-05-04 09:49:52 CEST.
Flavor | Version | Tinstall | Tcheck | Ttotal | Status | Flags |
---|---|---|---|---|---|---|
r-devel-linux-x86_64-debian-clang | 0.5.7 | 6.24 | 65.37 | 71.61 | OK | |
r-devel-linux-x86_64-debian-gcc | 0.5.7 | 4.73 | 51.54 | 56.27 | OK | |
r-devel-linux-x86_64-fedora-clang | 0.5.7 | 99.13 | NOTE | |||
r-devel-linux-x86_64-fedora-gcc | 0.5.7 | 106.41 | OK | |||
r-devel-windows-x86_64 | 0.5.7 | 7.00 | 76.00 | 83.00 | OK | |
r-patched-linux-x86_64 | 0.5.7 | 7.44 | 63.25 | 70.69 | OK | |
r-release-linux-x86_64 | 0.5.7 | 5.31 | 64.79 | 70.10 | OK | |
r-release-macos-arm64 | 0.5.7 | 36.00 | OK | |||
r-release-windows-x86_64 | 0.5.7 | 6.00 | 76.00 | 82.00 | OK | |
r-oldrel-macos-arm64 | 0.5.7 | 41.00 | OK | |||
r-oldrel-macos-x86_64 | 0.5.7 | 56.00 | OK | |||
r-oldrel-windows-x86_64 | 0.5.7 | 8.00 | 82.00 | 90.00 | OK |
Version: 0.5.7
Check: Rd cross-references
Result: NOTE
Undeclared packages ‘tidyfst’, ‘tidyr’, ‘fastDummies’ in Rd xrefs
Flavor: r-devel-linux-x86_64-fedora-clang