Last updated on 2024-05-04 09:49:52 CEST.
Flavor | Version | Tinstall | Tcheck | Ttotal | Status | Flags |
---|---|---|---|---|---|---|
r-devel-linux-x86_64-debian-clang | 1.3.1 | 18.03 | 103.07 | 121.10 | NOTE | |
r-devel-linux-x86_64-debian-gcc | 1.3.1 | 13.22 | 75.07 | 88.29 | NOTE | |
r-devel-linux-x86_64-fedora-clang | 1.3.1 | 164.31 | NOTE | |||
r-devel-linux-x86_64-fedora-gcc | 1.3.1 | 148.81 | NOTE | |||
r-devel-windows-x86_64 | 1.3.1 | 18.00 | 104.00 | 122.00 | NOTE | |
r-patched-linux-x86_64 | 1.3.1 | 17.50 | 97.10 | 114.60 | OK | |
r-release-linux-x86_64 | 1.3.1 | 15.85 | 96.42 | 112.27 | OK | |
r-release-macos-arm64 | 1.3.1 | 41.00 | OK | |||
r-release-macos-x86_64 | 1.3.1 | 111.00 | OK | |||
r-release-windows-x86_64 | 1.3.1 | 17.00 | 103.00 | 120.00 | OK | |
r-oldrel-macos-arm64 | 1.3.1 | 49.00 | OK | |||
r-oldrel-macos-x86_64 | 1.3.1 | 97.00 | OK | |||
r-oldrel-windows-x86_64 | 1.3.1 | 21.00 | 125.00 | 146.00 | OK |
Version: 1.3.1
Check: compiled code
Result: NOTE
File ‘tidygraph/libs/tidygraph.so’:
Found non-API calls to R: ‘SETLENGTH’, ‘SET_TRUELENGTH’
Compiled code should not call non-API entry points in R.
See ‘Writing portable packages’ in the ‘Writing R Extensions’ manual.
Flavors: r-devel-linux-x86_64-debian-clang, r-devel-linux-x86_64-debian-gcc, r-devel-linux-x86_64-fedora-clang, r-devel-linux-x86_64-fedora-gcc
Version: 1.3.1
Check: compiled code
Result: NOTE
File 'tidygraph/libs/x64/tidygraph.dll':
Found non-API calls to R: 'SETLENGTH', 'SET_TRUELENGTH'
Compiled code should not call non-API entry points in R.
See 'Writing portable packages' in the 'Writing R Extensions' manual.
Flavor: r-devel-windows-x86_64