Last updated on 2024-05-04 09:49:52 CEST.
Flavor | Version | Tinstall | Tcheck | Ttotal | Status | Flags |
---|---|---|---|---|---|---|
r-devel-linux-x86_64-debian-clang | 0.3.2 | 8.97 | 296.70 | 305.67 | NOTE | |
r-devel-linux-x86_64-debian-gcc | 0.3.2 | 7.30 | 215.92 | 223.22 | NOTE | |
r-devel-linux-x86_64-fedora-clang | 0.3.2 | 380.75 | NOTE | |||
r-devel-linux-x86_64-fedora-gcc | 0.3.2 | 386.97 | NOTE | |||
r-devel-windows-x86_64 | 0.3.2 | 9.00 | 200.00 | 209.00 | NOTE | |
r-patched-linux-x86_64 | 0.3.2 | 9.47 | 290.89 | 300.36 | NOTE | |
r-release-linux-x86_64 | 0.3.2 | 5.29 | 284.42 | 289.71 | NOTE | |
r-release-macos-arm64 | 0.3.2 | 96.00 | NOTE | |||
r-release-windows-x86_64 | 0.3.2 | 10.00 | 205.00 | 215.00 | NOTE | |
r-oldrel-macos-arm64 | 0.3.2 | 119.00 | OK | |||
r-oldrel-macos-x86_64 | 0.3.2 | 210.00 | OK | |||
r-oldrel-windows-x86_64 | 0.3.2 | 11.00 | 280.00 | 291.00 | OK |
Version: 0.3.2
Check: Rd files
Result: NOTE
checkRd: (-1) json_schema.Rd:33: Lost braces; missing escapes or markup?
33 | \item object -> {"name": <type>} e.g., {"age": 32} -> {"age": "number"}
| ^
checkRd: (-1) json_schema.Rd:33: Lost braces; missing escapes or markup?
33 | \item object -> {"name": <type>} e.g., {"age": 32} -> {"age": "number"}
| ^
checkRd: (-1) json_schema.Rd:33: Lost braces; missing escapes or markup?
33 | \item object -> {"name": <type>} e.g., {"age": 32} -> {"age": "number"}
| ^
Flavors: r-devel-linux-x86_64-debian-clang, r-devel-linux-x86_64-debian-gcc, r-devel-linux-x86_64-fedora-clang, r-devel-linux-x86_64-fedora-gcc, r-devel-windows-x86_64, r-patched-linux-x86_64, r-release-linux-x86_64, r-release-macos-arm64, r-release-windows-x86_64