Last updated on 2024-05-04 09:49:52 CEST.
Flavor | Version | Tinstall | Tcheck | Ttotal | Status | Flags |
---|---|---|---|---|---|---|
r-devel-linux-x86_64-debian-clang | 1.0.1 | 27.99 | 304.02 | 332.01 | OK | |
r-devel-linux-x86_64-debian-gcc | 1.0.1 | 22.01 | 226.97 | 248.98 | OK | |
r-devel-linux-x86_64-fedora-clang | 1.0.1 | 442.64 | OK | |||
r-devel-linux-x86_64-fedora-gcc | 1.0.1 | 421.26 | OK | |||
r-devel-windows-x86_64 | 1.0.1 | 24.00 | 203.00 | 227.00 | OK | |
r-patched-linux-x86_64 | 1.0.1 | 37.67 | 290.93 | 328.60 | OK | |
r-release-linux-x86_64 | 1.0.1 | 0.35 | 2.23 | 2.58 | ERROR | |
r-release-macos-arm64 | 1.0.1 | 100.00 | OK | |||
r-release-windows-x86_64 | 1.0.1 | 23.00 | 204.00 | 227.00 | OK | |
r-oldrel-macos-arm64 | 1.0.1 | 140.00 | OK | |||
r-oldrel-macos-x86_64 | 1.0.1 | 255.00 | OK | |||
r-oldrel-windows-x86_64 | 1.0.1 | 23.00 | 257.00 | 280.00 | OK |
Version: 1.0.1
Check: package dependencies
Result: ERROR
Package required but not available: ‘rstanarm’
See section ‘The DESCRIPTION file’ in the ‘Writing R Extensions’
manual.
Flavor: r-release-linux-x86_64