Last updated on 2024-05-04 09:49:52 CEST.
Flavor | Version | Tinstall | Tcheck | Ttotal | Status | Flags |
---|---|---|---|---|---|---|
r-devel-linux-x86_64-debian-clang | 1.0.10 | 219.35 | 65.96 | 285.31 | OK | |
r-devel-linux-x86_64-debian-gcc | 1.0.10 | 160.01 | 48.92 | 208.93 | OK | |
r-devel-linux-x86_64-fedora-clang | 1.0.10 | 409.93 | OK | |||
r-devel-linux-x86_64-fedora-gcc | 1.0.10 | 412.68 | OK | |||
r-devel-windows-x86_64 | 1.0.10 | 164.00 | 98.00 | 262.00 | OK | |
r-patched-linux-x86_64 | 1.0.10 | 210.52 | 63.01 | 273.53 | OK | |
r-release-linux-x86_64 | 1.0.10 | 205.68 | 63.23 | 268.91 | OK | |
r-release-macos-arm64 | 1.0.10 | 80.00 | NOTE | |||
r-release-windows-x86_64 | 1.0.10 | 164.00 | 95.00 | 259.00 | OK | |
r-oldrel-macos-arm64 | 1.0.10 | 114.00 | NOTE | |||
r-oldrel-macos-x86_64 | 1.0.10 | 160.00 | NOTE | |||
r-oldrel-windows-x86_64 | 1.0.10 | 196.00 | 111.00 | 307.00 | OK |
Version: 1.0.10
Check: installed package size
Result: NOTE
installed size is 9.6Mb
sub-directories of 1Mb or more:
libs 8.6Mb
Flavors: r-release-macos-arm64, r-oldrel-macos-arm64, r-oldrel-macos-x86_64