Last updated on 2024-05-04 05:50:36 CEST.
Flavor | Version | Tinstall | Tcheck | Ttotal | Status | Flags |
---|---|---|---|---|---|---|
r-devel-linux-x86_64-debian-clang | 0.2.0 | 5.05 | 50.08 | 55.13 | OK | |
r-devel-linux-x86_64-fedora-clang | 0.2.0 | 69.89 | NOTE | |||
r-devel-linux-x86_64-fedora-gcc | 0.2.0 | 79.38 | NOTE | |||
r-devel-windows-x86_64 | 0.2.0 | 8.00 | 61.00 | 69.00 | OK | |
r-patched-linux-x86_64 | 0.2.0 | 4.63 | 48.48 | 53.11 | OK | |
r-release-linux-x86_64 | 0.2.0 | 4.75 | 48.27 | 53.02 | OK | |
r-release-macos-arm64 | 0.2.0 | 30.00 | OK | |||
r-release-windows-x86_64 | 0.2.0 | 9.00 | 61.00 | 70.00 | OK | |
r-oldrel-macos-arm64 | 0.2.0 | 37.00 | OK | |||
r-oldrel-macos-x86_64 | 0.2.0 | 55.00 | OK | |||
r-oldrel-windows-x86_64 | 0.2.0 | 8.00 | 66.00 | 74.00 | OK |
Version: 0.2.0
Check: dependencies in R code
Result: NOTE
Namespace in Imports field not imported from: ‘sp’
All declared Imports should be used.
Flavors: r-devel-linux-x86_64-fedora-clang, r-devel-linux-x86_64-fedora-gcc
Version: 0.2.0
Check: data for non-ASCII characters
Result: NOTE
Note: found 341 marked UTF-8 strings
Flavors: r-devel-linux-x86_64-fedora-clang, r-devel-linux-x86_64-fedora-gcc