Last updated on 2024-05-04 13:49:23 CEST.
Flavor | Version | Tinstall | Tcheck | Ttotal | Status | Flags |
---|---|---|---|---|---|---|
r-devel-linux-x86_64-debian-clang | 2.9.0 | 27.71 | 357.85 | 385.56 | OK | |
r-devel-linux-x86_64-debian-gcc | 2.9.0 | 21.87 | 252.75 | 274.62 | OK | |
r-devel-linux-x86_64-fedora-clang | 2.9.0 | 464.05 | NOTE | |||
r-devel-linux-x86_64-fedora-gcc | 2.9.0 | 486.27 | NOTE | |||
r-devel-windows-x86_64 | 2.9.0 | 23.00 | 272.00 | 295.00 | OK | |
r-patched-linux-x86_64 | 2.9.0 | 33.30 | 336.11 | 369.41 | NOTE | |
r-release-linux-x86_64 | 2.9.0 | 17.48 | 304.20 | 321.68 | NOTE | |
r-release-macos-arm64 | 2.9.0 | 120.00 | OK | |||
r-release-windows-x86_64 | 2.9.0 | 22.00 | 272.00 | 294.00 | OK | |
r-oldrel-macos-arm64 | 2.9.0 | 177.00 | OK | |||
r-oldrel-macos-x86_64 | 2.9.0 | 273.00 | OK | |||
r-oldrel-windows-x86_64 | 2.9.0 | 29.00 | 363.00 | 392.00 | OK |
Version: 2.9.0
Check: package dependencies
Result: NOTE
Imports includes 25 non-default packages.
Importing from so many packages makes the package vulnerable to any of
them becoming unavailable. Move as many as possible to Suggests and
use conditionally.
Flavor: r-devel-linux-x86_64-fedora-clang
Version: 2.9.0
Check: data for non-ASCII characters
Result: NOTE
Note: found 2750 marked UTF-8 strings
Flavors: r-devel-linux-x86_64-fedora-clang, r-devel-linux-x86_64-fedora-gcc
Version: 2.9.0
Check: package dependencies
Result: NOTE
Package suggested but not available for checking: ‘modeltime’
Flavors: r-patched-linux-x86_64, r-release-linux-x86_64