Last updated on 2024-05-04 13:49:23 CEST.
Flavor | Version | Tinstall | Tcheck | Ttotal | Status | Flags |
---|---|---|---|---|---|---|
r-devel-linux-x86_64-debian-clang | 1.0.1 | 324.54 | 207.91 | 532.45 | NOTE | |
r-devel-linux-x86_64-debian-gcc | 1.0.1 | 260.49 | 163.63 | 424.12 | NOTE | |
r-devel-linux-x86_64-fedora-clang | 1.0.1 | 671.12 | NOTE | |||
r-devel-linux-x86_64-fedora-gcc | 1.0.1 | 721.97 | NOTE | |||
r-devel-windows-x86_64 | 1.0.1 | 251.00 | 194.00 | 445.00 | NOTE | |
r-patched-linux-x86_64 | 1.0.1 | 310.78 | 217.53 | 528.31 | NOTE | |
r-release-linux-x86_64 | 1.0.1 | 293.75 | 193.23 | 486.98 | NOTE | |
r-release-macos-arm64 | 1.0.1 | 132.00 | NOTE | |||
r-release-macos-x86_64 | 1.0.1 | 216.00 | NOTE | |||
r-release-windows-x86_64 | 1.0.1 | 237.00 | 185.00 | 422.00 | NOTE | |
r-oldrel-macos-arm64 | 1.0.1 | 150.00 | NOTE | |||
r-oldrel-macos-x86_64 | 1.0.1 | 193.00 | NOTE | |||
r-oldrel-windows-x86_64 | 1.0.1 | 250.00 | 237.00 | 487.00 | NOTE |
Version: 1.0.1
Check: for GNU extensions in Makefiles
Result: NOTE
GNU make is a SystemRequirements.
Flavors: r-devel-linux-x86_64-debian-clang, r-devel-linux-x86_64-debian-gcc, r-devel-linux-x86_64-fedora-clang, r-devel-linux-x86_64-fedora-gcc, r-devel-windows-x86_64, r-patched-linux-x86_64, r-release-linux-x86_64, r-release-macos-arm64, r-release-macos-x86_64, r-release-windows-x86_64, r-oldrel-macos-arm64, r-oldrel-macos-x86_64, r-oldrel-windows-x86_64
Version: 1.0.1
Check: installed package size
Result: NOTE
installed size is 8.1Mb
sub-directories of 1Mb or more:
doc 1.9Mb
libs 4.2Mb
Flavors: r-devel-linux-x86_64-fedora-clang, r-devel-windows-x86_64, r-release-macos-arm64, r-release-macos-x86_64, r-release-windows-x86_64, r-oldrel-macos-arm64, r-oldrel-macos-x86_64, r-oldrel-windows-x86_64
Version: 1.0.1
Check: dependencies in R code
Result: NOTE
Namespace in Imports field not imported from: ‘sp’
All declared Imports should be used.
Flavors: r-devel-linux-x86_64-fedora-clang, r-devel-linux-x86_64-fedora-gcc
Version: 1.0.1
Check: data for non-ASCII characters
Result: NOTE
Note: found 1 marked UTF-8 string
Flavors: r-devel-linux-x86_64-fedora-clang, r-devel-linux-x86_64-fedora-gcc