Last updated on 2024-05-04 09:49:52 CEST.
Flavor | Version | Tinstall | Tcheck | Ttotal | Status | Flags |
---|---|---|---|---|---|---|
r-devel-linux-x86_64-debian-clang | 1.1.8 | 3.79 | 29.64 | 33.43 | NOTE | |
r-devel-linux-x86_64-debian-gcc | 1.1.8 | 2.63 | 21.92 | 24.55 | NOTE | |
r-devel-linux-x86_64-fedora-clang | 1.1.8 | 41.07 | NOTE | |||
r-devel-linux-x86_64-fedora-gcc | 1.1.8 | 38.37 | NOTE | |||
r-devel-windows-x86_64 | 1.1.8 | 5.00 | 48.00 | 53.00 | NOTE | |
r-patched-linux-x86_64 | 1.1.8 | 4.31 | 27.45 | 31.76 | NOTE | |
r-release-linux-x86_64 | 1.1.8 | 2.74 | 28.22 | 30.96 | NOTE | |
r-release-macos-arm64 | 1.1.8 | 16.00 | NOTE | |||
r-release-windows-x86_64 | 1.1.8 | 4.00 | 46.00 | 50.00 | NOTE | |
r-oldrel-macos-arm64 | 1.1.8 | 17.00 | NOTE | |||
r-oldrel-macos-x86_64 | 1.1.8 | 25.00 | NOTE | |||
r-oldrel-windows-x86_64 | 1.1.8 | 6.00 | 48.00 | 54.00 | NOTE |
Version: 1.1.8
Check: LazyData
Result: NOTE
'LazyData' is specified without a 'data' directory
Flavors: r-devel-linux-x86_64-debian-clang, r-devel-linux-x86_64-debian-gcc, r-devel-linux-x86_64-fedora-clang, r-devel-linux-x86_64-fedora-gcc, r-devel-windows-x86_64, r-patched-linux-x86_64, r-release-linux-x86_64, r-release-macos-arm64, r-release-windows-x86_64, r-oldrel-macos-arm64, r-oldrel-macos-x86_64, r-oldrel-windows-x86_64