Last updated on 2024-05-04 13:49:23 CEST.
Flavor | Version | Tinstall | Tcheck | Ttotal | Status | Flags |
---|---|---|---|---|---|---|
r-devel-linux-x86_64-debian-clang | 0.2-16 | 17.01 | 138.15 | 155.16 | OK | |
r-devel-linux-x86_64-debian-gcc | 0.2-16 | 13.26 | 102.14 | 115.40 | OK | |
r-devel-linux-x86_64-fedora-clang | 0.2-16 | 195.79 | NOTE | |||
r-devel-linux-x86_64-fedora-gcc | 0.2-16 | 208.93 | NOTE | |||
r-devel-windows-x86_64 | 0.2-16 | 21.00 | 188.00 | 209.00 | OK | |
r-patched-linux-x86_64 | 0.2-16 | 17.72 | 133.57 | 151.29 | OK | |
r-release-linux-x86_64 | 0.2-16 | 16.32 | 138.01 | 154.33 | OK | |
r-release-macos-arm64 | 0.2-16 | 65.00 | OK | |||
r-release-windows-x86_64 | 0.2-16 | 20.00 | 182.00 | 202.00 | OK | |
r-oldrel-macos-arm64 | 0.2-16 | 101.00 | OK | |||
r-oldrel-macos-x86_64 | 0.2-16 | 191.00 | OK | |||
r-oldrel-windows-x86_64 | 0.2-16 | 25.00 | 204.00 | 229.00 | OK |
Version: 0.2-16
Check: data for non-ASCII characters
Result: NOTE
Note: found 91 marked UTF-8 strings
Flavors: r-devel-linux-x86_64-fedora-clang, r-devel-linux-x86_64-fedora-gcc