Last updated on 2024-05-04 13:49:23 CEST.
Flavor | Version | Tinstall | Tcheck | Ttotal | Status | Flags |
---|---|---|---|---|---|---|
r-devel-linux-x86_64-debian-clang | 0.3-2 | 13.67 | 115.30 | 128.97 | NOTE | |
r-devel-linux-x86_64-debian-gcc | 0.3-2 | 10.63 | 83.75 | 94.38 | NOTE | |
r-devel-linux-x86_64-fedora-clang | 0.3-2 | 163.97 | NOTE | |||
r-devel-linux-x86_64-fedora-gcc | 0.3-2 | 170.39 | NOTE | |||
r-devel-windows-x86_64 | 0.3-2 | 12.00 | 136.00 | 148.00 | NOTE | |
r-patched-linux-x86_64 | 0.3-2 | 16.05 | 109.54 | 125.59 | NOTE | |
r-release-linux-x86_64 | 0.3-2 | 12.00 | 109.68 | 121.68 | NOTE | |
r-release-macos-arm64 | 0.3-2 | 84.00 | NOTE | |||
r-release-windows-x86_64 | 0.3-2 | 12.00 | 132.00 | 144.00 | NOTE | |
r-oldrel-macos-arm64 | 0.3-2 | 83.00 | NOTE | |||
r-oldrel-macos-x86_64 | 0.3-2 | 110.00 | NOTE | |||
r-oldrel-windows-x86_64 | 0.3-2 | 14.00 | 164.00 | 178.00 | NOTE |
Version: 0.3-2
Check: package dependencies
Result: NOTE
Package suggested but not available for checking: ‘toscaData’
Flavors: r-devel-linux-x86_64-debian-clang, r-devel-linux-x86_64-debian-gcc, r-devel-linux-x86_64-fedora-clang, r-devel-linux-x86_64-fedora-gcc, r-devel-windows-x86_64, r-patched-linux-x86_64, r-release-linux-x86_64, r-release-macos-arm64, r-release-windows-x86_64, r-oldrel-macos-arm64, r-oldrel-macos-x86_64, r-oldrel-windows-x86_64