Last updated on 2024-05-04 09:49:52 CEST.
Flavor | Version | Tinstall | Tcheck | Ttotal | Status | Flags |
---|---|---|---|---|---|---|
r-devel-linux-x86_64-debian-clang | 1.6.0 | 15.33 | 282.08 | 297.41 | OK | |
r-devel-linux-x86_64-debian-gcc | 1.6.0 | 11.60 | 215.43 | 227.03 | OK | |
r-devel-linux-x86_64-fedora-clang | 1.6.0 | 381.29 | NOTE | |||
r-devel-linux-x86_64-fedora-gcc | 1.6.0 | 386.82 | OK | |||
r-devel-windows-x86_64 | 1.6.0 | 13.00 | 251.00 | 264.00 | NOTE | |
r-patched-linux-x86_64 | 1.6.0 | 18.19 | 280.47 | 298.66 | OK | |
r-release-linux-x86_64 | 1.6.0 | 13.21 | 277.89 | 291.10 | OK | |
r-release-macos-arm64 | 1.6.0 | 113.00 | NOTE | |||
r-release-windows-x86_64 | 1.6.0 | 14.00 | 255.00 | 269.00 | NOTE | |
r-oldrel-macos-arm64 | 1.6.0 | 145.00 | NOTE | |||
r-oldrel-macos-x86_64 | 1.6.0 | 294.00 | NOTE | |||
r-oldrel-windows-x86_64 | 1.6.0 | 17.00 | 310.00 | 327.00 | NOTE |
Version: 1.6.0
Check: installed package size
Result: NOTE
installed size is 6.2Mb
sub-directories of 1Mb or more:
data 2.2Mb
doc 2.8Mb
Flavors: r-devel-linux-x86_64-fedora-clang, r-devel-windows-x86_64, r-release-macos-arm64, r-release-windows-x86_64, r-oldrel-macos-arm64, r-oldrel-macos-x86_64, r-oldrel-windows-x86_64