Last updated on 2024-05-04 09:49:52 CEST.
Flavor | Version | Tinstall | Tcheck | Ttotal | Status | Flags |
---|---|---|---|---|---|---|
r-devel-linux-x86_64-debian-clang | 0.0.5 | 32.51 | 364.23 | 396.74 | OK | |
r-devel-linux-x86_64-debian-gcc | 0.0.5 | 21.52 | 266.46 | 287.98 | OK | |
r-devel-linux-x86_64-fedora-clang | 0.0.5 | 510.24 | OK | |||
r-devel-linux-x86_64-fedora-gcc | 0.0.5 | 491.15 | OK | |||
r-devel-windows-x86_64 | 0.0.5 | 26.00 | 245.00 | 271.00 | OK | |
r-patched-linux-x86_64 | 0.0.5 | 25.11 | 349.33 | 374.44 | OK | |
r-release-linux-x86_64 | 0.0.5 | 18.40 | 353.99 | 372.39 | OK | |
r-release-macos-arm64 | 0.0.5 | 127.00 | OK | |||
r-release-macos-x86_64 | 0.0.5 | 275.00 | OK | |||
r-release-windows-x86_64 | 0.0.5 | 25.00 | 245.00 | 270.00 | OK | |
r-oldrel-macos-arm64 | 0.0.5 | 10.00 | ERROR | |||
r-oldrel-macos-x86_64 | 0.0.5 | 6.00 | ERROR | |||
r-oldrel-windows-x86_64 | 0.0.5 | 33.00 | 325.00 | 358.00 | OK |
Version: 0.0.5
Check: package dependencies
Result: ERROR
Package required but not available: ‘phyloseq’
Package suggested but not available for checking: ‘adaptiveGPCA’
See section ‘The DESCRIPTION file’ in the ‘Writing R Extensions’
manual.
Flavors: r-oldrel-macos-arm64, r-oldrel-macos-x86_64