Last updated on 2024-05-04 13:49:23 CEST.
Flavor | Version | Tinstall | Tcheck | Ttotal | Status | Flags |
---|---|---|---|---|---|---|
r-devel-linux-x86_64-debian-clang | 0.1.0 | 11.07 | 146.90 | 157.97 | OK | |
r-devel-linux-x86_64-debian-gcc | 0.1.0 | 10.41 | 110.06 | 120.47 | OK | |
r-devel-linux-x86_64-fedora-clang | 0.1.0 | 199.07 | OK | |||
r-devel-linux-x86_64-fedora-gcc | 0.1.0 | 194.62 | OK | |||
r-devel-windows-x86_64 | 0.1.0 | 13.00 | 117.00 | 130.00 | OK | |
r-patched-linux-x86_64 | 0.1.0 | 13.56 | 143.32 | 156.88 | OK | |
r-release-linux-x86_64 | 0.1.0 | 9.42 | 141.87 | 151.29 | OK | |
r-release-macos-arm64 | 0.1.0 | 61.00 | OK | |||
r-release-windows-x86_64 | 0.1.0 | 11.00 | 118.00 | 129.00 | OK | |
r-oldrel-macos-arm64 | 0.1.0 | 65.00 | OK | |||
r-oldrel-macos-x86_64 | 0.1.0 | 105.00 | NOTE | |||
r-oldrel-windows-x86_64 | 0.1.0 | 15.00 | 144.00 | 159.00 | OK |
Version: 0.1.0
Check: package dependencies
Result: NOTE
Package suggested but not available for checking: ‘brms’
Flavor: r-oldrel-macos-x86_64
Version: 0.1.0
Check: Rd cross-references
Result: NOTE
Package unavailable to check Rd xrefs: ‘brms’
Flavor: r-oldrel-macos-x86_64